{"id":126434,"date":"2026-07-09T11:54:48","date_gmt":"2026-07-09T09:54:48","guid":{"rendered":"https:\/\/smania.store\/sk\/produkt\/athlexa-nastavitelne-otocne-kompresne-kolenne-ortezy-balenie-2-kusov\/"},"modified":"2026-07-21T09:59:37","modified_gmt":"2026-07-21T07:59:37","slug":"athlexa-nastavitelne-otocne-kompresne-kolenne-ortezy-balenie-2-kusov","status":"publish","type":"product","link":"https:\/\/smania.store\/sk\/produkt\/athlexa-nastavitelne-otocne-kompresne-kolenne-ortezy-balenie-2-kusov\/","title":{"rendered":"Athlexa\u2122 nastavite\u013en\u00e9 oto\u010dn\u00e9 kompresn\u00e9 kolenn\u00e9 ort\u00e9zy \u2013 balenie 2 kusov"},"content":{"rendered":"<div class=\"smania_landing_description_title\">Nov\u00e9! Bezkonkuren\u010dn\u00e1 stabilita kolena, okam\u017eite!<\/div>\n<div class=\"smania_landing_description_txt\">Na mieru prisp\u00f4soben\u00e9, \u0161pi\u010dkov\u00e1 stabilita!<\/div>\n<div class=\"smania_landing_description_subtitle\"> Pokro\u010dil\u00e1 s\u00faprava 2 kolenn\u00fdch ort\u00e9z s nastavovac\u00edm gomb\u00edkom, bo\u010dn\u00fdmi pru\u017einami a g\u00e9lovou podlo\u017ekou pre prisp\u00f4soben\u00fa stabilitu a \u00fa\u013eavu od bolesti. <\/div>\n<div class=\"smania_landing_description_list\">\n<ul>\n<li>Jednoduch\u00e1 kompresia s oto\u010dn\u00fdm gomb\u00edkom<\/li>\n<li>Zni\u017euje z\u00e1\u0165a\u017e na kolenn\u00fd k\u013ab<\/li>\n<li>G\u00e9lov\u00e1 podlo\u017eka chr\u00e1ni jab\u013a\u010dko kolena<\/li>\n<li>Udr\u017eiava teplo pre r\u00fdchlej\u0161ie zotavenie<\/li>\n<li>Silik\u00f3nov\u00e9 bodky zabra\u0148uj\u00fa zo\u0161myknutiu<\/li>\n<li>Priedu\u0161n\u00e1 tkanina pre celodenn\u00e9 pohodlie<\/li>\n<\/ul><\/div>\n","protected":false},"excerpt":{"rendered":"<p>Patentovan\u00fd syst\u00e9m mikro-nastavovacieho kolieska|Pru\u017en\u00e9 bo\u010dn\u00e9 v\u00fdstuhy pre podporu|Pred\u013a\u017een\u00e1 d\u013a\u017eka pre dodato\u010dn\u00fa stabilitu|3D \u00faplet so zadnou ventil\u00e1ciou|\u0160pecifick\u00fd strih pre \u013eav\u00fa a prav\u00fa stranu|Ide\u00e1lne pre \u0161port a turistiku|Ve\u013ekosti: S (35\u201340cm), M (40\u201346cm), L (46\u201354cm)|Meranie: 15 cm nad jab\u013a\u010dkom|Materi\u00e1l: 3D \u00faplet, silik\u00f3n a g\u00e9l|Podpora: dvojit\u00e9 pru\u017einy a g\u00e9lov\u00fd stabiliz\u00e1tor|Farba: biela a siv\u00e1 \u0161portov\u00fd dizajn|Zahrnut\u00e9: sada 2 kolenn\u00fdch ort\u00e9z<\/p>\n","protected":false},"featured_media":126770,"template":"","meta":[],"product_cat":[2510,21],"product_tag":[1530,2029,2511],"acf":[],"_links":{"self":[{"href":"https:\/\/smania.store\/sk\/wp-json\/wp\/v2\/product\/126434"}],"collection":[{"href":"https:\/\/smania.store\/sk\/wp-json\/wp\/v2\/product"}],"about":[{"href":"https:\/\/smania.store\/sk\/wp-json\/wp\/v2\/types\/product"}],"wp:featuredmedia":[{"embeddable":true,"href":"https:\/\/smania.store\/sk\/wp-json\/wp\/v2\/media\/126770"}],"wp:attachment":[{"href":"https:\/\/smania.store\/sk\/wp-json\/wp\/v2\/media?parent=126434"}],"wp:term":[{"taxonomy":"product_cat","embeddable":true,"href":"https:\/\/smania.store\/sk\/wp-json\/wp\/v2\/product_cat?post=126434"},{"taxonomy":"product_tag","embeddable":true,"href":"https:\/\/smania.store\/sk\/wp-json\/wp\/v2\/product_tag?post=126434"}],"curies":[{"name":"wp","href":"https:\/\/api.w.org\/{rel}","templated":true}]}}

Athlexa™ nastaviteľné otočné kompresné kolenné ortézy – balenie 2 kusov

<div class="smania_landing_description_title">Nové! Bezkonkurenčná stabilita kolena, okamžite!</div>
<div class="smania_landing_description_txt">Na mieru prispôsobené, špičková stabilita!</div>
<div class="smania_landing_description_subtitle"> Pokročilá súprava 2 kolenných ortéz s nastavovacím gombíkom, bočnými pružinami a gélovou podložkou pre prispôsobenú stabilitu a úľavu od bolesti. </div>
<div class="smania_landing_description_list">
<ul>
<li>Jednoduchá kompresia s otočným gombíkom</li>
<li>Znižuje záťaž na kolenný kĺb</li>
<li>Gélová podložka chráni jabĺčko kolena</li>
<li>Udržiava teplo pre rýchlejšie zotavenie</li>
<li>Silikónové bodky zabraňujú zošmyknutiu</li>
<li>Priedušná tkanina pre celodenné pohodlie</li>
</ul></div>

<p>Patentovaný systém mikro-nastavovacieho kolieska|Pružné bočné výstuhy pre podporu|Predĺžená dĺžka pre dodatočnú stabilitu|3D úplet so zadnou ventiláciou|Špecifický strih pre ľavú a pravú stranu|Ideálne pre šport a turistiku|Veľkosti: S (35–40cm), M (40–46cm), L (46–54cm)|Meranie: 15 cm nad jabĺčkom|Materiál: 3D úplet, silikón a gél|Podpora: dvojité pružiny a gélový stabilizátor|Farba: biela a sivá športový dizajn|Zahrnuté: sada 2 kolenných ortéz</p>
