{"id":99002,"date":"2026-07-02T09:33:02","date_gmt":"2026-07-02T07:33:02","guid":{"rendered":"https:\/\/smania.store\/ro\/produs\/charblaze-perie-electrica-de-curatat-gratarul\/"},"modified":"2026-08-24T09:05:22","modified_gmt":"2026-08-24T07:05:22","slug":"charblaze-perie-electrica-de-curatat-gratarul","status":"publish","type":"product","link":"https:\/\/smania.store\/ro\/produs\/charblaze-perie-electrica-de-curatat-gratarul\/","title":{"rendered":"CharBlaze\u2122 perie electric\u0103 de cur\u0103\u021bat gr\u0103tarul"},"content":{"rendered":"<div class=\"smania_landing_description_title\">NOU: O revolu\u021bie \u00een cur\u0103\u021barea f\u0103r\u0103 efort a gr\u0103tarului<\/div>\n<div class=\"smania_landing_description_txt\">Cur\u0103\u021bare puternic\u0103, g\u0103tit f\u0103r\u0103 efort<\/div>\n<div class=\"smania_landing_description_subtitle\">Perie electric\u0103 f\u0103r\u0103 fir, puternic\u0103, pentru gr\u0103tar, cu cap reglabil la 180\u00b0 \u0219i baterie re\u00eenc\u0103rcabil\u0103 de 2600 mAh, pentru o cur\u0103\u021bare eficient\u0103 \u0219i f\u0103r\u0103 efort a gr\u0103tarului.<\/div>\n<div class=\"smania_landing_description_list\">\n<ul>\n<li>\u00cendep\u0103rteaz\u0103 cu u\u0219urin\u021b\u0103 resturile de m\u00e2ncare arse \u0219i gr\u0103simea<\/li>\n<li>Economise\u0219te mult timp \u0219i efort \u00een compara\u021bie cu frecarea manual\u0103<\/li>\n<li>Designul f\u0103r\u0103 fir permite mi\u0219carea liber\u0103 \u00een jurul oric\u0103rui gr\u0103tar de exterior<\/li>\n<li>Etan\u0219eitate profund\u0103 IPX6 pentru cur\u0103\u021bare sigur\u0103 sub jet de ap\u0103<\/li>\n<li>Instrument multifunc\u021bional care func\u021bioneaz\u0103 pe tig\u0103i, pl\u0103ci \u0219i plite<\/li>\n<li>Ajunge \u00een fiecare col\u021b cu un cap de perie reglabil la 180\u00b0<\/li>\n<\/ul><\/div>\n","protected":false},"excerpt":{"rendered":"<p>Trei viteze reglabile care ajung p\u00e2n\u0103 la 400 RPM|Baterie de mare capacitate de 2600 mAh pentru p\u00e2n\u0103 la 120 de minute de utilizare|Indicatorul LED al bateriei afi\u0219eaz\u0103 nivelul de energie r\u0103mas|Protec\u021bia \u00eempotriva stropirii reglabil\u0103 la 360\u00b0 v\u0103 men\u021bine m\u00e2inile curate|Capete de perie interschimbabile cu s\u00e2rm\u0103 \u0219i de lustruit|Viteze: 300 \/ 350 \/ 400 RPM|Rezisten\u021b\u0103 la ap\u0103: clasificare IPX6|Baterie: 3,7 V 2600 mAh (re\u00eenc\u0103rcabil\u0103)|Timp de \u00eenc\u0103rcare \/ func\u021bionare: 3\u20134 ore \/ 90\u2013120 minute|Putere: 25 W|Intrare: DC 5 V 1 A|Dimensiuni: 41 x 6 cm |Greutate: 0,6 kg|Include: baz\u0103, cap de perie cu s\u00e2rm\u0103, cap de perie de lustruit, cablu de \u00eenc\u0103rcare USB, m\u0103nu\u0219i<\/p>\n","protected":false},"featured_media":101522,"template":"","meta":[],"product_cat":[16,223],"product_tag":[2170,1256,1244],"acf":[],"_links":{"self":[{"href":"https:\/\/smania.store\/ro\/wp-json\/wp\/v2\/product\/99002"}],"collection":[{"href":"https:\/\/smania.store\/ro\/wp-json\/wp\/v2\/product"}],"about":[{"href":"https:\/\/smania.store\/ro\/wp-json\/wp\/v2\/types\/product"}],"wp:featuredmedia":[{"embeddable":true,"href":"https:\/\/smania.store\/ro\/wp-json\/wp\/v2\/media\/101522"}],"wp:attachment":[{"href":"https:\/\/smania.store\/ro\/wp-json\/wp\/v2\/media?parent=99002"}],"wp:term":[{"taxonomy":"product_cat","embeddable":true,"href":"https:\/\/smania.store\/ro\/wp-json\/wp\/v2\/product_cat?post=99002"},{"taxonomy":"product_tag","embeddable":true,"href":"https:\/\/smania.store\/ro\/wp-json\/wp\/v2\/product_tag?post=99002"}],"curies":[{"name":"wp","href":"https:\/\/api.w.org\/{rel}","templated":true}]}}

CharBlaze™ perie electrică de curățat grătarul

<div class="smania_landing_description_title">NOU: O revoluție în curățarea fără efort a grătarului</div>
<div class="smania_landing_description_txt">Curățare puternică, gătit fără efort</div>
<div class="smania_landing_description_subtitle">Perie electrică fără fir, puternică, pentru grătar, cu cap reglabil la 180° și baterie reîncărcabilă de 2600 mAh, pentru o curățare eficientă și fără efort a grătarului.</div>
<div class="smania_landing_description_list">
<ul>
<li>Îndepărtează cu ușurință resturile de mâncare arse și grăsimea</li>
<li>Economisește mult timp și efort în comparație cu frecarea manuală</li>
<li>Designul fără fir permite mișcarea liberă în jurul oricărui grătar de exterior</li>
<li>Etanșeitate profundă IPX6 pentru curățare sigură sub jet de apă</li>
<li>Instrument multifuncțional care funcționează pe tigăi, plăci și plite</li>
<li>Ajunge în fiecare colț cu un cap de perie reglabil la 180°</li>
</ul></div>

<p>Trei viteze reglabile care ajung până la 400 RPM|Baterie de mare capacitate de 2600 mAh pentru până la 120 de minute de utilizare|Indicatorul LED al bateriei afișează nivelul de energie rămas|Protecția împotriva stropirii reglabilă la 360° vă menține mâinile curate|Capete de perie interschimbabile cu sârmă și de lustruit|Viteze: 300 / 350 / 400 RPM|Rezistență la apă: clasificare IPX6|Baterie: 3,7 V 2600 mAh (reîncărcabilă)|Timp de încărcare / funcționare: 3–4 ore / 90–120 minute|Putere: 25 W|Intrare: DC 5 V 1 A|Dimensiuni: 41 x 6 cm |Greutate: 0,6 kg|Include: bază, cap de perie cu sârmă, cap de perie de lustruit, cablu de încărcare USB, mănuși</p>
