{"id":99220,"date":"2026-04-15T09:27:57","date_gmt":"2026-04-15T07:27:57","guid":{"rendered":"https:\/\/smania.store\/hu\/termek\/driftmax-elektromos-3-kereku-drift-gokart\/"},"modified":"2026-07-23T12:18:47","modified_gmt":"2026-07-23T10:18:47","slug":"driftmax-elektromos-3-kereku-drift-gokart","status":"publish","type":"product","link":"https:\/\/smania.store\/hu\/termek\/driftmax-elektromos-3-kereku-drift-gokart\/","title":{"rendered":"DriftMax\u2122 elektromos 3 kerek\u0171 drift gokart"},"content":{"rendered":"<div class=\"smania_landing_description_title\">\u00daJ \u2013 Kereskedelmi \u00e9s Driftel\u00e9s, Mint M\u00e9g Soha!<\/div>\n<div class=\"smania_landing_description_txt\">A V\u00e9gs\u0151 Drifte\u0301lm\u00e9ny Gyerekeknek \u00e9s Feln\u0151tteknek!<\/div>\n<div class=\"smania_landing_description_subtitle\">B\u00facs\u00fazz el az unalmas utaz\u00e1sokt\u00f3l, \u00e9s k\u00f6sz\u00f6ntsd az izgalmat a DriftMax\u2122-szal! Ez a leny\u0171g\u00f6z\u0151 j\u00e1rm\u0171 nemcsak felh\u00edvja mag\u00e1ra a figyelmet, hanem egy felejthetetlen sebess\u00e9g\u00e9lm\u00e9nyt is ny\u00fajt, amely \u00f6tv\u00f6zi a st\u00edlust a biztons\u00e1ggal.<\/div>\n<div class=\"smania_landing_description_list\">\n<ul>\n<li>Kalandra k\u00e9sz, h\u00e1rom sebess\u00e9gbe\u00e1ll\u00edt\u00e1ssal<\/li>\n<li>Gyors 36V 250W kefe n\u00e9lk\u00fcli motor<\/li>\n<li>T\u00f6lt\u00e9s mind\u00f6ssze 3-5 \u00f3ra alatt<\/li>\n<li>Hat\u00f3t\u00e1vols\u00e1g 8-15KM<\/li>\n<li>Legy\u00e9l l\u00e1that\u00f3 LED \u00e9s oldals\u00f3 l\u00e1mp\u00e1kkal<\/li>\n<li>Testreszabhat\u00f3 vezet\u00e9si be\u00e1ll\u00edt\u00e1sok Bluetooth-on kereszt\u00fcl<\/li>\n<\/ul><\/div>\n","protected":false},"excerpt":{"rendered":"<p>Ugr\u00e1s \u00e9s sz\u00e1guld\u00e1s|F\u00e1rads\u00e1g n\u00e9lk\u00fcl st\u00edlusos \u00e9s eleg\u00e1ns diz\u00e1jn|Hossz\u00fa \u00e9lettartam\u00fa l\u00edtium akkumul\u00e1tor|Sebess\u00e9g prec\u00edz ir\u00e1ny\u00edt\u00e1ssal|Vil\u00e1g\u00edt\u00e1s: LED els\u0151 \u00e9s d\u00edszvil\u00e1g\u00edt\u00e1s|Sebess\u00e9gm\u00f3dok: 3 \u00e1ll\u00edthat\u00f3 szint|Akkumul\u00e1tor: 36V \/ 3Ah l\u00edtium|Motor: 250W kefementes|Maxim\u00e1lis sebess\u00e9g: Ak\u00e1r 18 km\/h|T\u00f6lt\u00e9si id\u0151: 3\u20135 \u00f3ra|Hat\u00f3t\u00e1vols\u00e1g: 8\u201315 km t\u00f6lt\u00e9senk\u00e9nt|S\u00falykapacit\u00e1s: Ak\u00e1r 100 kg<\/p>\n","protected":false},"featured_media":104212,"template":"","meta":[],"product_cat":[17],"product_tag":[1535],"acf":[],"_links":{"self":[{"href":"https:\/\/smania.store\/hu\/wp-json\/wp\/v2\/product\/99220"}],"collection":[{"href":"https:\/\/smania.store\/hu\/wp-json\/wp\/v2\/product"}],"about":[{"href":"https:\/\/smania.store\/hu\/wp-json\/wp\/v2\/types\/product"}],"wp:featuredmedia":[{"embeddable":true,"href":"https:\/\/smania.store\/hu\/wp-json\/wp\/v2\/media\/104212"}],"wp:attachment":[{"href":"https:\/\/smania.store\/hu\/wp-json\/wp\/v2\/media?parent=99220"}],"wp:term":[{"taxonomy":"product_cat","embeddable":true,"href":"https:\/\/smania.store\/hu\/wp-json\/wp\/v2\/product_cat?post=99220"},{"taxonomy":"product_tag","embeddable":true,"href":"https:\/\/smania.store\/hu\/wp-json\/wp\/v2\/product_tag?post=99220"}],"curies":[{"name":"wp","href":"https:\/\/api.w.org\/{rel}","templated":true}]}}

DriftMax™ elektromos 3 kerekű drift gokart

<div class="smania_landing_description_title">ÚJ – Kereskedelmi és Driftelés, Mint Még Soha!</div>
<div class="smania_landing_description_txt">A Végső Driftélmény Gyerekeknek és Felnőtteknek!</div>
<div class="smania_landing_description_subtitle">Búcsúzz el az unalmas utazásoktól, és köszöntsd az izgalmat a DriftMax™-szal! Ez a lenyűgöző jármű nemcsak felhívja magára a figyelmet, hanem egy felejthetetlen sebességélményt is nyújt, amely ötvözi a stílust a biztonsággal.</div>
<div class="smania_landing_description_list">
<ul>
<li>Kalandra kész, három sebességbeállítással</li>
<li>Gyors 36V 250W kefe nélküli motor</li>
<li>Töltés mindössze 3-5 óra alatt</li>
<li>Hatótávolság 8-15KM</li>
<li>Legyél látható LED és oldalsó lámpákkal</li>
<li>Testreszabható vezetési beállítások Bluetooth-on keresztül</li>
</ul></div>

<p>Ugrás és száguldás|Fáradság nélkül stílusos és elegáns dizájn|Hosszú élettartamú lítium akkumulátor|Sebesség precíz irányítással|Világítás: LED első és díszvilágítás|Sebességmódok: 3 állítható szint|Akkumulátor: 36V / 3Ah lítium|Motor: 250W kefementes|Maximális sebesség: Akár 18 km/h|Töltési idő: 3–5 óra|Hatótávolság: 8–15 km töltésenként|Súlykapacitás: Akár 100 kg</p>
