{"id":96954,"date":"2026-01-05T06:06:21","date_gmt":"2026-01-05T05:06:21","guid":{"rendered":"https:\/\/smania.store\/hu\/termek\/bedhubpro-intelligens-ejjeliszekreny\/"},"modified":"2026-01-14T09:50:01","modified_gmt":"2026-01-14T08:50:01","slug":"bedhubpro-intelligens-ejjeliszekreny","status":"publish","type":"product","link":"https:\/\/smania.store\/hu\/termek\/bedhubpro-intelligens-ejjeliszekreny\/","title":{"rendered":"BedhubPro\u2122 intelligens \u00e9jjeliszekr\u00e9ny"},"content":{"rendered":"<div class=\"smania_landing_description_title\">\u00daJ: A minden az egyben \u00e9jszakai t\u00e1rsad<\/div>\n<div class=\"smania_landing_description_txt\">Emelje fel az \u00e9jszak\u00e1idat azonnal!<\/div>\n<div class=\"smania_landing_description_subtitle\"> Tapasztalja meg a modern k\u00e9nyelem megtestes\u00edt\u0151j\u00e9t a BedhubPro\u2122 seg\u00edts\u00e9g\u00e9vel. Ez az \u00e9jjeliszekr\u00e9ny z\u00f6kken\u0151mentesen integr\u00e1lja a t\u00f6lt\u00e9st, a biztons\u00e1got, a sz\u00f3rakoz\u00e1st, a vil\u00e1g\u00edt\u00e1st \u00e9s az eszt\u00e9tik\u00e1t egyetlen eleg\u00e1ns egys\u00e9gbe. Alak\u00edtsa \u00e1t h\u00e1l\u00f3szob\u00e1j\u00e1t szent\u00e9lly\u00e9, \u00e9s fogadjon el egy rendetlens\u00e9gt\u0151l mentes \u00e9letm\u00f3dot!<\/div>\n<div class=\"smania_landing_description_list\">\n<ul>\n<li>K\u00f6nnyed vezet\u00e9k n\u00e9lk\u00fcli \u00e9s vezet\u00e9kes t\u00f6lt\u00e9s<\/li>\n<li>Fejlett ujjlenyomat-v\u00e9delem<\/li>\n<li>Mag\u00e1val ragad\u00f3, k\u00e9t hangsz\u00f3r\u00f3s hang\u00e9lm\u00e9ny<\/li>\n<li>Testreszabhat\u00f3 LED-es vil\u00e1g\u00edt\u00e1si atmoszf\u00e9ra<\/li>\n<li>Eleg\u00e1ns edzett \u00fcvegfel\u00fclet<\/li>\n<li>T\u00e1gas \u00e9s biztons\u00e1gos kialak\u00edt\u00e1s<\/li>\n<\/ul><\/div>\n","protected":false},"excerpt":{"rendered":"<p>Nincs t\u00f6bb\u00e9 z\u0171rzavaros k\u00e1bel!|Szem\u00e9lyre szabhatja a vil\u00e1g\u00edt\u00e1st a hangulat\u00e1hoz|Hallgasson zen\u00e9t, mint m\u00e9g soha|T\u00f6k\u00e9letesen illeszkedik b\u00e1rmelyik h\u00e1l\u00f3szob\u00e1ba|Egyszer\u0171s\u00edtse az \u00e9let\u00e9t intelligens technol\u00f3gi\u00e1val|Sz\u00edn: Feh\u00e9r|Fi\u00f3kok sz\u00e1ma: 2|Teljes m\u00e9retek: 40 x 40 x 46 cm|T\u00f6lt\u00e9s: T\u00f6lt\u00e9s: Vezet\u00e9k n\u00e9lk\u00fcli t\u00f6lt\u00e9s, 2 x USB gyorst\u00f6lt\u00e9s|K\u00fcl\u00f6nleges jellemz\u0151k: 3 LED vil\u00e1g\u00edt\u00e1si m\u00f3d, intelligens ujjlenyomat-z\u00e1r, Bluetooth hangsz\u00f3r\u00f3<\/p>\n","protected":false},"featured_media":96940,"template":"","meta":[],"product_cat":[16],"product_tag":[1538],"acf":[],"_links":{"self":[{"href":"https:\/\/smania.store\/hu\/wp-json\/wp\/v2\/product\/96954"}],"collection":[{"href":"https:\/\/smania.store\/hu\/wp-json\/wp\/v2\/product"}],"about":[{"href":"https:\/\/smania.store\/hu\/wp-json\/wp\/v2\/types\/product"}],"wp:featuredmedia":[{"embeddable":true,"href":"https:\/\/smania.store\/hu\/wp-json\/wp\/v2\/media\/96940"}],"wp:attachment":[{"href":"https:\/\/smania.store\/hu\/wp-json\/wp\/v2\/media?parent=96954"}],"wp:term":[{"taxonomy":"product_cat","embeddable":true,"href":"https:\/\/smania.store\/hu\/wp-json\/wp\/v2\/product_cat?post=96954"},{"taxonomy":"product_tag","embeddable":true,"href":"https:\/\/smania.store\/hu\/wp-json\/wp\/v2\/product_tag?post=96954"}],"curies":[{"name":"wp","href":"https:\/\/api.w.org\/{rel}","templated":true}]}}

BedhubPro™ intelligens éjjeliszekrény

<div class="smania_landing_description_title">ÚJ: A minden az egyben éjszakai társad</div>
<div class="smania_landing_description_txt">Emelje fel az éjszakáidat azonnal!</div>
<div class="smania_landing_description_subtitle"> Tapasztalja meg a modern kényelem megtestesítőjét a BedhubPro™ segítségével. Ez az éjjeliszekrény zökkenőmentesen integrálja a töltést, a biztonságot, a szórakozást, a világítást és az esztétikát egyetlen elegáns egységbe. Alakítsa át hálószobáját szentéllyé, és fogadjon el egy rendetlenségtől mentes életmódot!</div>
<div class="smania_landing_description_list">
<ul>
<li>Könnyed vezeték nélküli és vezetékes töltés</li>
<li>Fejlett ujjlenyomat-védelem</li>
<li>Magával ragadó, két hangszórós hangélmény</li>
<li>Testreszabható LED-es világítási atmoszféra</li>
<li>Elegáns edzett üvegfelület</li>
<li>Tágas és biztonságos kialakítás</li>
</ul></div>

<p>Nincs többé zűrzavaros kábel!|Személyre szabhatja a világítást a hangulatához|Hallgasson zenét, mint még soha|Tökéletesen illeszkedik bármelyik hálószobába|Egyszerűsítse az életét intelligens technológiával|Szín: Fehér|Fiókok száma: 2|Teljes méretek: 40 x 40 x 46 cm|Töltés: Töltés: Vezeték nélküli töltés, 2 x USB gyorstöltés|Különleges jellemzők: 3 LED világítási mód, intelligens ujjlenyomat-zár, Bluetooth hangszóró</p>
