{"id":96130,"date":"2025-11-28T13:20:44","date_gmt":"2025-11-28T12:20:44","guid":{"rendered":"https:\/\/smania.store\/hu\/termek\/tilepaint-premium-keramia-csempebevonat-300-g\/"},"modified":"2026-08-30T18:48:40","modified_gmt":"2026-08-30T16:48:40","slug":"tilepaint-premium-keramia-csempebevonat-300-g","status":"publish","type":"product","link":"https:\/\/smania.store\/hu\/termek\/tilepaint-premium-keramia-csempebevonat-300-g\/","title":{"rendered":"TilePaint\u2122 Pr\u00e9mium ker\u00e1mia csempebevonat (300 g)"},"content":{"rendered":"<div class=\"smania_landing_description_title\">\u00daJ: Forradalmi K\u00e1d- \u00e9s Csempe\u00e1talak\u00edt\u00e1s<\/div>\n<div class=\"smania_landing_description_txt\">\u00c1talak\u00edtsd a csemp\u00e9id bont\u00e1s n\u00e9lk\u00fcl!<\/div>\n<div class=\"smania_landing_description_subtitle\">Friss\u00edtse fel a f\u00e1radt csemp\u00e9ket \u00e9s padl\u00f3kat a TilePaint\u2122-tel\u2014egy \u00f6nszintez\u0151, nedvess\u00e9g\u00e1ll\u00f3 bevonat, amely m\u00e9g a cs\u00fasz\u00f3s, f\u00e9nyes fel\u00fcleteken is megkapaszkodik, ahol a norm\u00e1l fest\u00e9kek nem m\u0171k\u00f6dnek. K\u00f6nnyed\u00e9n korszer\u0171s\u00edtheti a f\u00fcrd\u0151szob\u00e1kat, konyh\u00e1kat \u00e9s m\u00e9g sok m\u00e1st bont\u00e1s n\u00e9lk\u00fcl, professzion\u00e1lis megjelen\u00e9st biztos\u00edtva, amely \u00e9vekig gy\u00f6ny\u00f6r\u0171 \u00e9s tart\u00f3s marad.<\/div>\n<div class=\"smania_landing_description_list\">\n<ul>\n<li>Er\u0151s tapad\u00e1s f\u00e9nyes csemp\u00e9ken<\/li>\n<li>Ide\u00e1lis falakra, padl\u00f3kra \u00e9s h\u00e1tfalakra<\/li>\n<li>Cser\u00e9pmin\u0151s\u00e9g\u0171 gyanta a tart\u00f3s eredm\u00e9nyek\u00e9rt<\/li>\n<li>Ellen\u00e1ll a mikrot\u00f6r\u00e9seknek \u00e9s a lepattan\u00e1soknak<\/li>\n<li>T\u00f6k\u00e9letes alacsony fekv\u00e9s\u0171 \u00e9s bels\u0151 ter\u00fcletekre<\/li>\n<li>Sim\u00e1ra, modern fel\u00fcletre szintezhet\u0151<\/li>\n<\/ul><\/div>\n","protected":false},"excerpt":{"rendered":"<p>Hosszan tart\u00f3, tart\u00f3s bevonat|Gyors sz\u00e1rad\u00e1s az azonnali eredm\u00e9nyek\u00e9rt|Minimaliz\u00e1lja a fel\u00faj\u00edt\u00e1si k\u00f6lts\u00e9geket|Fokozza a fel\u00fclet f\u00e9ny\u00e9t \u00e9s csillog\u00e1s\u00e1t|Sz\u00ednvari\u00e1ci\u00f3k: k\u00e9k, z\u00f6ld, feh\u00e9r, sz\u00fcrke, b\u00e9zs|Fel\u00fclet: Magasf\u00e9ny\u0171, karc\u00e1ll\u00f3 bevonat|Alkalmaz\u00e1s: Ker\u00e1mia csempe, \u00fcveg, ker\u00e1mia, m\u00e1rv\u00e1ny, stb.|T\u00e9rfogat: 300 g (fed\u00e9s kb. 3 m\u00b2)<\/p>\n","protected":false},"featured_media":103243,"template":"","meta":[],"product_cat":[2752],"product_tag":[2767],"acf":[],"_links":{"self":[{"href":"https:\/\/smania.store\/hu\/wp-json\/wp\/v2\/product\/96130"}],"collection":[{"href":"https:\/\/smania.store\/hu\/wp-json\/wp\/v2\/product"}],"about":[{"href":"https:\/\/smania.store\/hu\/wp-json\/wp\/v2\/types\/product"}],"wp:featuredmedia":[{"embeddable":true,"href":"https:\/\/smania.store\/hu\/wp-json\/wp\/v2\/media\/103243"}],"wp:attachment":[{"href":"https:\/\/smania.store\/hu\/wp-json\/wp\/v2\/media?parent=96130"}],"wp:term":[{"taxonomy":"product_cat","embeddable":true,"href":"https:\/\/smania.store\/hu\/wp-json\/wp\/v2\/product_cat?post=96130"},{"taxonomy":"product_tag","embeddable":true,"href":"https:\/\/smania.store\/hu\/wp-json\/wp\/v2\/product_tag?post=96130"}],"curies":[{"name":"wp","href":"https:\/\/api.w.org\/{rel}","templated":true}]}}

TilePaint™ Prémium kerámia csempebevonat (300 g)

<div class="smania_landing_description_title">ÚJ: Forradalmi Kád- és Csempeátalakítás</div>
<div class="smania_landing_description_txt">Átalakítsd a csempéid bontás nélkül!</div>
<div class="smania_landing_description_subtitle">Frissítse fel a fáradt csempéket és padlókat a TilePaint™-tel—egy önszintező, nedvességálló bevonat, amely még a csúszós, fényes felületeken is megkapaszkodik, ahol a normál festékek nem működnek. Könnyedén korszerűsítheti a fürdőszobákat, konyhákat és még sok mást bontás nélkül, professzionális megjelenést biztosítva, amely évekig gyönyörű és tartós marad.</div>
<div class="smania_landing_description_list">
<ul>
<li>Erős tapadás fényes csempéken</li>
<li>Ideális falakra, padlókra és hátfalakra</li>
<li>Cserépminőségű gyanta a tartós eredményekért</li>
<li>Ellenáll a mikrotöréseknek és a lepattanásoknak</li>
<li>Tökéletes alacsony fekvésű és belső területekre</li>
<li>Simára, modern felületre szintezhető</li>
</ul></div>

<p>Hosszan tartó, tartós bevonat|Gyors száradás az azonnali eredményekért|Minimalizálja a felújítási költségeket|Fokozza a felület fényét és csillogását|Színvariációk: kék, zöld, fehér, szürke, bézs|Felület: Magasfényű, karcálló bevonat|Alkalmazás: Kerámia csempe, üveg, kerámia, márvány, stb.|Térfogat: 300 g (fedés kb. 3 m²)</p>
