{"id":95612,"date":"2025-11-05T07:30:14","date_gmt":"2025-11-05T06:30:14","guid":{"rendered":"https:\/\/smania.store\/hu\/termek\/falra-szerelheto-osszecsukhato-ruhaszarito-allvany-drypro\/"},"modified":"2026-02-20T09:20:39","modified_gmt":"2026-02-20T08:20:39","slug":"falra-szerelheto-osszecsukhato-ruhaszarito-allvany-drypro","status":"publish","type":"product","link":"https:\/\/smania.store\/hu\/termek\/falra-szerelheto-osszecsukhato-ruhaszarito-allvany-drypro\/","title":{"rendered":"Falra szerelhet\u0151, \u00f6sszecsukhat\u00f3 ruhasz\u00e1r\u00edt\u00f3 \u00e1llv\u00e1ny DryPRO\u2122"},"content":{"rendered":"<div class=\"smania_landing_description_title\">\u00daJ: Helytakar\u00e9koss\u00e1g, maxim\u00e1lis k\u00e9nyelem<\/div>\n<div class=\"smania_landing_description_txt\">El a helyig\u00e9nyes ruhasz\u00e1r\u00edt\u00f3 \u00e1llv\u00e1nyokkal!<\/div>\n<div class=\"smania_landing_description_subtitle\">Fedezze fel az innovat\u00edv DryPRO\u2122 falra szerelhet\u0151, \u00f6sszecsukhat\u00f3 sz\u00e1r\u00edt\u00f3\u00e1llv\u00e1nyt, a sz\u00e1r\u00edt\u00f3\u00e1llv\u00e1nyt, amely forradalmas\u00edtja a sz\u00e1r\u00edt\u00e1s \u00e9lm\u00e9ny\u00e9t. Teljesen f\u00e9mb\u0151l k\u00e9sz\u00fclt, massz\u00edv, m\u00e9gis k\u00f6nny\u0171, \u00e9s ak\u00e1r 27 kg ruh\u00e1t is k\u00f6nnyed\u00e9n felakaszthat. R\u00e1ad\u00e1sul finoman a falhoz hajtogathat\u00f3, \u00edgy \u00e9rt\u00e9kes helyet szabad\u00edt fel a padl\u00f3n. Ide\u00e1lis kis vagy nagy lak\u00e1sokba, bel- vagy k\u00fclt\u00e9ren egyar\u00e1nt. V\u00e1s\u00e1rolja meg most, \u00e9s egyszer\u0171s\u00edtse a ruhasz\u00e1r\u00edt\u00e1st!<\/div>\n<div class=\"smania_landing_description_list\">\n<ul>\n<li>100% f\u00e9mszerkezet a maxim\u00e1lis tart\u00f3ss\u00e1g \u00e9rdek\u00e9ben<\/li>\n<li>Ak\u00e1r 27 kg ruh\u00e1t is elb\u00edr<\/li>\n<li>\u00d6sszecsukhat\u00f3, helytakar\u00e9kos kialak\u00edt\u00e1s<\/li>\n<li>Az 5 x 80 cm-es rudak ak\u00e1r 4 m sz\u00e1r\u00edt\u00e1si helyet is \u00f6sszeadnak<\/li>\n<li>Sokoldal\u00fa haszn\u00e1lat: belt\u00e9ren \u00e9s k\u00fclt\u00e9ren egyar\u00e1nt<\/li>\n<li>T\u00f6k\u00e9letes kisebb lak\u00e1sokba \u00e9s terekbe<\/li>\n<\/ul><\/div>\n","protected":false},"excerpt":{"rendered":"<p>Eleg\u00e1ns, minimalista diz\u00e1jn|Nem hajlik vagy t\u00f6rik|K\u00f6nnyen felszerelhet\u0151 b\u00e1rhov\u00e1, csavarok mell\u00e9kelve|T\u00f6k\u00e9letes otthonokhoz, lak\u00f3aut\u00f3khoz \u00e9s medenc\u00e9khez|L\u00e9gsz\u00e1r\u00edt\u00e1ssal cs\u00f6kkenti az energiasz\u00e1ml\u00e1kat|T\u00f6k\u00e9letes kis lak\u00e1sokba|Sz\u00ednek: feh\u00e9r vagy fekete|Max. teherb\u00edr\u00e1s: 27 kg|Kinyitva: 80 \u00d7 40 \u00d7 10 cm|\u00d6sszecsukva: 80 \u00d7 10 \u00d7 2 cm<\/p>\n","protected":false},"featured_media":95599,"template":"","meta":[],"product_cat":[16],"product_tag":[1554,1503,1555,1538],"acf":[],"_links":{"self":[{"href":"https:\/\/smania.store\/hu\/wp-json\/wp\/v2\/product\/95612"}],"collection":[{"href":"https:\/\/smania.store\/hu\/wp-json\/wp\/v2\/product"}],"about":[{"href":"https:\/\/smania.store\/hu\/wp-json\/wp\/v2\/types\/product"}],"wp:featuredmedia":[{"embeddable":true,"href":"https:\/\/smania.store\/hu\/wp-json\/wp\/v2\/media\/95599"}],"wp:attachment":[{"href":"https:\/\/smania.store\/hu\/wp-json\/wp\/v2\/media?parent=95612"}],"wp:term":[{"taxonomy":"product_cat","embeddable":true,"href":"https:\/\/smania.store\/hu\/wp-json\/wp\/v2\/product_cat?post=95612"},{"taxonomy":"product_tag","embeddable":true,"href":"https:\/\/smania.store\/hu\/wp-json\/wp\/v2\/product_tag?post=95612"}],"curies":[{"name":"wp","href":"https:\/\/api.w.org\/{rel}","templated":true}]}}

Falra szerelhető, összecsukható ruhaszárító állvány DryPRO™

<div class="smania_landing_description_title">ÚJ: Helytakarékosság, maximális kényelem</div>
<div class="smania_landing_description_txt">El a helyigényes ruhaszárító állványokkal!</div>
<div class="smania_landing_description_subtitle">Fedezze fel az innovatív DryPRO™ falra szerelhető, összecsukható szárítóállványt, a szárítóállványt, amely forradalmasítja a szárítás élményét. Teljesen fémből készült, masszív, mégis könnyű, és akár 27 kg ruhát is könnyedén felakaszthat. Ráadásul finoman a falhoz hajtogatható, így értékes helyet szabadít fel a padlón. Ideális kis vagy nagy lakásokba, bel- vagy kültéren egyaránt. Vásárolja meg most, és egyszerűsítse a ruhaszárítást!</div>
<div class="smania_landing_description_list">
<ul>
<li>100% fémszerkezet a maximális tartósság érdekében</li>
<li>Akár 27 kg ruhát is elbír</li>
<li>Összecsukható, helytakarékos kialakítás</li>
<li>Az 5 x 80 cm-es rudak akár 4 m szárítási helyet is összeadnak</li>
<li>Sokoldalú használat: beltéren és kültéren egyaránt</li>
<li>Tökéletes kisebb lakásokba és terekbe</li>
</ul></div>

<p>Elegáns, minimalista dizájn|Nem hajlik vagy törik|Könnyen felszerelhető bárhová, csavarok mellékelve|Tökéletes otthonokhoz, lakóautókhoz és medencékhez|Légszárítással csökkenti az energiaszámlákat|Tökéletes kis lakásokba|Színek: fehér vagy fekete|Max. teherbírás: 27 kg|Kinyitva: 80 × 40 × 10 cm|Összecsukva: 80 × 10 × 2 cm</p>
