{"id":94628,"date":"2025-10-01T15:01:19","date_gmt":"2025-10-01T13:01:19","guid":{"rendered":"https:\/\/smania.store\/hu\/termek\/pattyslumber-nyugtato-pluss-jatek-babaknak\/"},"modified":"2026-08-31T13:03:20","modified_gmt":"2026-08-31T11:03:20","slug":"pattyslumber-nyugtato-pluss-jatek-babaknak","status":"publish","type":"product","link":"https:\/\/smania.store\/hu\/termek\/pattyslumber-nyugtato-pluss-jatek-babaknak\/","title":{"rendered":"PattySlumber\u2122 nyugtat\u00f3 pl\u00fcss j\u00e1t\u00e9k bab\u00e1knak"},"content":{"rendered":"<div class=\"smania_landing_description_title\">\u00daJ: Nyugodt alv\u00e1s a bab\u00e1nak<\/div>\n<div class=\"smania_landing_description_txt\">A nyugtat\u00f3 \u00e9rint\u00e9s, amely soha nem f\u00e1rad el<\/div>\n<div class=\"smania_landing_description_subtitle\"> Ez a pl\u00fcssmack\u00f3 puha ritmikus mozg\u00e1s\u00e1val \u00fagy vigasztalja a kisgyermek\u00e9t, mint a saj\u00e1t keze &#8211; \u00edgy mindketten nyugodtan pihenhetnek<\/div>\n<div class=\"smania_landing_description_list\">\n<ul>\n<li>Ut\u00e1nozza a sz\u00fcl\u0151 gyeng\u00e9d \u00e9rint\u00e9s\u00e9t, hogy megnyugtasson \u00e9s vigasztaljon<\/li>\n<li>\u00c1ll\u00edthat\u00f3 simogat\u00e1s h\u00e1rom nyugtat\u00f3 sebess\u00e9gi szinttel<\/li>\n<li>T\u00e1vir\u00e1ny\u00edt\u00f3val t\u00e1volr\u00f3l is k\u00f6nnyed\u00e9n haszn\u00e1lhat\u00f3<\/li>\n<li>Seg\u00edt enyh\u00edteni a szepar\u00e1ci\u00f3s szorong\u00e1st pihen\u00e9s vagy szuny\u00f3k\u00e1l\u00e1s alatt<\/li>\n<li>Puha, bababiztos anyagok a gondtalan \u00f6lel\u00e9shez<\/li>\n<\/ul><\/div>\n","protected":false},"excerpt":{"rendered":"<p>Gyeng\u00e9den megsimogatja a bab\u00e1t, hogy elaludjon|Cs\u00f6kkenti a ny\u0171g\u00f6ss\u00e9get \u00e9s az \u00e9jszakai s\u00edr\u00e1st|\u00c1ll\u00edthat\u00f3 simogat\u00e1s 3 sebess\u00e9gi szinttel|Helyettes\u00edti az anya jelenl\u00e9t\u00e9t|Ide\u00e1lis kis\u00e1gyba, \u00e1gyba vagy babakocsiba|Hordozhat\u00f3 csal\u00e1di utaz\u00e1sokhoz|A csomag tartalmazza: vezet\u00e9k n\u00e9lk\u00fcli t\u00e1vir\u00e1ny\u00edt\u00f3|Anyagok: poli\u00e9szter sz\u00e1l \u00e9s gy\u00f6ngyh\u00e1z pamut t\u00f6ltel\u00e9k|V\u00e1ltozat: B\u00e9zs sz\u00edn\u0171, im\u00e1dnival\u00f3 medve diz\u00e1jnban|M\u00e9retek: m\u00e9retek: 68 \u00d7 25 cm<\/p>\n","protected":false},"featured_media":94618,"template":"","meta":[],"product_cat":[17],"product_tag":[1650],"acf":[],"_links":{"self":[{"href":"https:\/\/smania.store\/hu\/wp-json\/wp\/v2\/product\/94628"}],"collection":[{"href":"https:\/\/smania.store\/hu\/wp-json\/wp\/v2\/product"}],"about":[{"href":"https:\/\/smania.store\/hu\/wp-json\/wp\/v2\/types\/product"}],"wp:featuredmedia":[{"embeddable":true,"href":"https:\/\/smania.store\/hu\/wp-json\/wp\/v2\/media\/94618"}],"wp:attachment":[{"href":"https:\/\/smania.store\/hu\/wp-json\/wp\/v2\/media?parent=94628"}],"wp:term":[{"taxonomy":"product_cat","embeddable":true,"href":"https:\/\/smania.store\/hu\/wp-json\/wp\/v2\/product_cat?post=94628"},{"taxonomy":"product_tag","embeddable":true,"href":"https:\/\/smania.store\/hu\/wp-json\/wp\/v2\/product_tag?post=94628"}],"curies":[{"name":"wp","href":"https:\/\/api.w.org\/{rel}","templated":true}]}}

PattySlumber™ nyugtató plüss játék babáknak

<div class="smania_landing_description_title">ÚJ: Nyugodt alvás a babának</div>
<div class="smania_landing_description_txt">A nyugtató érintés, amely soha nem fárad el</div>
<div class="smania_landing_description_subtitle"> Ez a plüssmackó puha ritmikus mozgásával úgy vigasztalja a kisgyermekét, mint a saját keze &#8211; így mindketten nyugodtan pihenhetnek</div>
<div class="smania_landing_description_list">
<ul>
<li>Utánozza a szülő gyengéd érintését, hogy megnyugtasson és vigasztaljon</li>
<li>Állítható simogatás három nyugtató sebességi szinttel</li>
<li>Távirányítóval távolról is könnyedén használható</li>
<li>Segít enyhíteni a szeparációs szorongást pihenés vagy szunyókálás alatt</li>
<li>Puha, bababiztos anyagok a gondtalan öleléshez</li>
</ul></div>

<p>Gyengéden megsimogatja a babát, hogy elaludjon|Csökkenti a nyűgösséget és az éjszakai sírást|Állítható simogatás 3 sebességi szinttel|Helyettesíti az anya jelenlétét|Ideális kiságyba, ágyba vagy babakocsiba|Hordozható családi utazásokhoz|A csomag tartalmazza: vezeték nélküli távirányító|Anyagok: poliészter szál és gyöngyház pamut töltelék|Változat: Bézs színű, imádnivaló medve dizájnban|Méretek: méretek: 68 × 25 cm</p>
