{"id":94152,"date":"2025-09-03T09:28:37","date_gmt":"2025-09-03T07:28:37","guid":{"rendered":"https:\/\/smania.store\/hu\/termek\/drivewaypro-aszfalt-helyreallitoszer-1-l-2-m%c2%b2\/"},"modified":"2026-01-09T09:03:23","modified_gmt":"2026-01-09T08:03:23","slug":"drivewaypro-aszfalt-helyreallitoszer-1-l-2-m%c2%b2","status":"publish","type":"product","link":"https:\/\/smania.store\/hu\/termek\/drivewaypro-aszfalt-helyreallitoszer-1-l-2-m%c2%b2\/","title":{"rendered":"DrivewayPRO\u2122 aszfalt helyre\u00e1ll\u00edt\u00f3szer &#8211; 1 L \/ 4-6 m\u00b2"},"content":{"rendered":"<div class=\"smania_landing_description_title\">\u00daJ: DrivewayPRO\u2122 aszfalt helyre\u00e1ll\u00edt\u00f3szer<\/div>\n<div class=\"smania_landing_description_txt\">Egy pillanat alatt meg\u00faj\u00edtja a felhajt\u00f3t<\/div>\n<div class=\"smania_landing_description_subtitle\">Kopottnak t\u0171nik a felhajt\u00f3ja? A DrivewayPRO\u2122 a v\u00e9gs\u0151 megold\u00e1s az aszfalt- \u00e9s betonfel\u00fcletek helyre\u00e1ll\u00edt\u00e1s\u00e1ra \u00e9s v\u00e9delm\u00e9re. A kedvez\u0151tlen id\u0151j\u00e1r\u00e1ssal, h\u0151m\u00e9rs\u00e9klet-v\u00e1ltoz\u00e1sokkal, reped\u00e9sekkel \u00e9s UV-k\u00e1rosod\u00e1ssal szembeni ellen\u00e1ll\u00f3 k\u00e9pess\u00e9g\u00e9vel a DrivewayPRO\u2122 nem csak a felhajt\u00f3\u00fat megjelen\u00e9s\u00e9t jav\u00edtja, hanem hossz\u00fa t\u00e1v\u00fa v\u00edzszigetel\u00e9st \u00e9s v\u00e9delmet is biztos\u00edt.<\/div>\n<div class=\"smania_landing_description_list\">\n<ul>\n<li>T\u00f6m\u00edti \u00e9s er\u0151s\u00edti a fel\u00fcletet<\/li>\n<li>Ellen\u00e1ll az es\u0151nek, a h\u0151nek \u00e9s a fagynak<\/li>\n<li>Meg\u00faj\u00edtja a felj\u00e1r\u00f3kat &#8211; az aszfalt \u00e9s a beton eredeti megjelen\u00e9se<\/li>\n<li>UV-v\u00e9delem &#8211; megakad\u00e1lyozza a fakul\u00e1st \u00e9s a k\u00e1rosod\u00e1st<\/li>\n<li>V\u00edzleperget\u0151 &#8211; megakad\u00e1lyozza a nedvess\u00e9g behatol\u00e1s\u00e1t<\/li>\n<li>Meghosszabb\u00edtott \u00e9lettartam &#8211; meg\u0151rzi \u00e9s er\u0151s\u00edti a fel\u00fcletet<\/li>\n<\/ul><\/div>\n","protected":false},"excerpt":{"rendered":"<p>NAGY TELJES\u00cdTM\u00c9NY &#8211; Kifejezetten aszfaltozott utakhoz kifejlesztve|TART\u00d3S &#8211; Tart\u00f3s, alacsony f\u00e9ny\u0171 fekete r\u00e9teg|V\u00c9DELMI &#8211; V\u00e9d az id\u0151j\u00e1r\u00e1s viszontags\u00e1gait\u00f3l, a ki\u00f6ml\u00f6tt folyad\u00e9kokt\u00f3l \u00e9s a gyomn\u00f6v\u00e9nyzet ellen|EGYSZER\u0170 HASZN\u00c1LAT &#8211; Egyszer\u0171 alkalmaz\u00e1s a probl\u00e9mamentes eredm\u00e9ny \u00e9rdek\u00e9ben|Gyorsan sz\u00e1rad\u00f3 &#8211; 4 \u00f3ra alatt haszn\u00e1latra k\u00e9sz|Sz\u00edn &#8211; Fekete|Folyad\u00e9k t\u00e9rfogata &#8211; 1 L|Terjedelem &#8211; Legfeljebb 6 m\u00b2|Sz\u00e1rad\u00e1si id\u0151 &#8211; 4 \u00f3ra a haszn\u00e1lathoz|Alkalmaz\u00e1s &#8211; Ecsettel, hengerrel vagy permetez\u00e9ssel<\/p>\n","protected":false},"featured_media":94282,"template":"","meta":[],"product_cat":[2752],"product_tag":[2766,2767],"acf":[],"_links":{"self":[{"href":"https:\/\/smania.store\/hu\/wp-json\/wp\/v2\/product\/94152"}],"collection":[{"href":"https:\/\/smania.store\/hu\/wp-json\/wp\/v2\/product"}],"about":[{"href":"https:\/\/smania.store\/hu\/wp-json\/wp\/v2\/types\/product"}],"wp:featuredmedia":[{"embeddable":true,"href":"https:\/\/smania.store\/hu\/wp-json\/wp\/v2\/media\/94282"}],"wp:attachment":[{"href":"https:\/\/smania.store\/hu\/wp-json\/wp\/v2\/media?parent=94152"}],"wp:term":[{"taxonomy":"product_cat","embeddable":true,"href":"https:\/\/smania.store\/hu\/wp-json\/wp\/v2\/product_cat?post=94152"},{"taxonomy":"product_tag","embeddable":true,"href":"https:\/\/smania.store\/hu\/wp-json\/wp\/v2\/product_tag?post=94152"}],"curies":[{"name":"wp","href":"https:\/\/api.w.org\/{rel}","templated":true}]}}

DrivewayPRO™ aszfalt helyreállítószer &#8211; 1 L / 4-6 m²

<div class="smania_landing_description_title">ÚJ: DrivewayPRO™ aszfalt helyreállítószer</div>
<div class="smania_landing_description_txt">Egy pillanat alatt megújítja a felhajtót</div>
<div class="smania_landing_description_subtitle">Kopottnak tűnik a felhajtója? A DrivewayPRO™ a végső megoldás az aszfalt- és betonfelületek helyreállítására és védelmére. A kedvezőtlen időjárással, hőmérséklet-változásokkal, repedésekkel és UV-károsodással szembeni ellenálló képességével a DrivewayPRO™ nem csak a felhajtóút megjelenését javítja, hanem hosszú távú vízszigetelést és védelmet is biztosít.</div>
<div class="smania_landing_description_list">
<ul>
<li>Tömíti és erősíti a felületet</li>
<li>Ellenáll az esőnek, a hőnek és a fagynak</li>
<li>Megújítja a feljárókat &#8211; az aszfalt és a beton eredeti megjelenése</li>
<li>UV-védelem &#8211; megakadályozza a fakulást és a károsodást</li>
<li>Vízlepergető &#8211; megakadályozza a nedvesség behatolását</li>
<li>Meghosszabbított élettartam &#8211; megőrzi és erősíti a felületet</li>
</ul></div>

<p>NAGY TELJESÍTMÉNY &#8211; Kifejezetten aszfaltozott utakhoz kifejlesztve|TARTÓS &#8211; Tartós, alacsony fényű fekete réteg|VÉDELMI &#8211; Véd az időjárás viszontagságaitól, a kiömlött folyadékoktól és a gyomnövényzet ellen|EGYSZERŰ HASZNÁLAT &#8211; Egyszerű alkalmazás a problémamentes eredmény érdekében|Gyorsan száradó &#8211; 4 óra alatt használatra kész|Szín &#8211; Fekete|Folyadék térfogata &#8211; 1 L|Terjedelem &#8211; Legfeljebb 6 m²|Száradási idő &#8211; 4 óra a használathoz|Alkalmazás &#8211; Ecsettel, hengerrel vagy permetezéssel</p>
