{"id":67011,"date":"2024-11-14T12:16:49","date_gmt":"2024-11-14T11:16:49","guid":{"rendered":"https:\/\/smania.store\/hu\/termek\/chromius-krom-spray-festek\/"},"modified":"2026-08-29T11:37:42","modified_gmt":"2026-08-29T09:37:42","slug":"chromius-krom-spray-festek","status":"publish","type":"product","link":"https:\/\/smania.store\/hu\/termek\/chromius-krom-spray-festek\/","title":{"rendered":"CHROMIUS\u2122 kr\u00f3m spray fest\u00e9k"},"content":{"rendered":"<div class=\"smania_landing_description_title\">\u00daJ: F\u00e9mf\u00e9ny minden fel\u00fcletre<\/div>\n<div class=\"smania_landing_description_txt\">Keltsen \u00e9letre b\u00e1rmilyen fel\u00fcletet egyetlen menetben!<\/div>\n<div class=\"smania_landing_description_subtitle\">Fedezze fel a CHROMIUS\u2122-t, a forradalmi fest\u00e9ket, amelyet b\u00e1rmilyen fel\u00fclet \u00e1talak\u00edt\u00e1s\u00e1ra \u00e9s v\u00e9delm\u00e9re hoztak l\u00e9tre. Ez a Nagy-Britanni\u00e1ban k\u00e9sz\u00fclt, ellen\u00e1llhatatlan f\u00e9mes hat\u00e1s\u00fa, kiv\u00e1l\u00f3 min\u0151s\u00e9g\u0171 fest\u00e9k ellen\u00e1ll a korr\u00f3zi\u00f3nak \u00e9s a magas h\u0151m\u00e9rs\u00e9kletnek, \u00edgy biztos\u00edtva a hib\u00e1tlan, tart\u00f3s megjelen\u00e9st. T\u00f6k\u00e9letes azok sz\u00e1m\u00e1ra, akik k\u00f6nnyed, professzion\u00e1lis eredm\u00e9nyre v\u00e1gynak. Ne hagyja ki a lehet\u0151s\u00e9get, hogy egy csipetnyi eleganci\u00e1t var\u00e1zsoljon fel\u00fcleteire!<\/div>\n<div class=\"smania_landing_description_list\">\n<ul>\n<li>Kiv\u00e1l\u00f3 korr\u00f3zi\u00f3\u00e1ll\u00f3s\u00e1g<\/li>\n<li>F\u00e9nyes \u00e9s kifinomult kivitel<\/li>\n<li>Gyors \u00e9s egyszer\u0171 felhord\u00e1s<\/li>\n<li>T\u00f6k\u00e9letes f\u00e9mhez, f\u00e1hoz, \u00fcveghez \u00e9s m\u00e9g sok m\u00e1shoz<\/li>\n<li>90\u00b0C-ig ellen\u00e1ll fakul\u00e1s n\u00e9lk\u00fcl<\/li>\n<li>Kiv\u00e9telesen sokoldal\u00faan haszn\u00e1lhat\u00f3 belt\u00e9ri \u00e9s k\u00fclt\u00e9ri haszn\u00e1latra<\/li>\n<\/ul><\/div>\n","protected":false},"excerpt":{"rendered":"<p>\u00c1talak\u00edtja a r\u00e9gi b\u00fatorokat|St\u00edlusosabb\u00e1 teszi otthon\u00e1t|Garant\u00e1lt min\u0151s\u00e9g|T\u00f6k\u00e9letes kreat\u00edv bark\u00e1csol\u00e1shoz|Hosszan tart\u00f3 v\u00e9delem|Garant\u00e1lt f\u00e9mhat\u00e1s|Ide\u00e1lis m\u0171v\u00e9szeti projektekhez|Soha t\u00f6bb\u00e9 nem matt\u00edtja a fel\u00fcleteket|T\u00e9rfogat: 450 ml<\/p>\n","protected":false},"featured_media":102798,"template":"","meta":[],"product_cat":[18,16,2752],"product_tag":[2767,1500],"acf":[],"_links":{"self":[{"href":"https:\/\/smania.store\/hu\/wp-json\/wp\/v2\/product\/67011"}],"collection":[{"href":"https:\/\/smania.store\/hu\/wp-json\/wp\/v2\/product"}],"about":[{"href":"https:\/\/smania.store\/hu\/wp-json\/wp\/v2\/types\/product"}],"wp:featuredmedia":[{"embeddable":true,"href":"https:\/\/smania.store\/hu\/wp-json\/wp\/v2\/media\/102798"}],"wp:attachment":[{"href":"https:\/\/smania.store\/hu\/wp-json\/wp\/v2\/media?parent=67011"}],"wp:term":[{"taxonomy":"product_cat","embeddable":true,"href":"https:\/\/smania.store\/hu\/wp-json\/wp\/v2\/product_cat?post=67011"},{"taxonomy":"product_tag","embeddable":true,"href":"https:\/\/smania.store\/hu\/wp-json\/wp\/v2\/product_tag?post=67011"}],"curies":[{"name":"wp","href":"https:\/\/api.w.org\/{rel}","templated":true}]}}

CHROMIUS™ króm spray festék

<div class="smania_landing_description_title">ÚJ: Fémfény minden felületre</div>
<div class="smania_landing_description_txt">Keltsen életre bármilyen felületet egyetlen menetben!</div>
<div class="smania_landing_description_subtitle">Fedezze fel a CHROMIUS™-t, a forradalmi festéket, amelyet bármilyen felület átalakítására és védelmére hoztak létre. Ez a Nagy-Britanniában készült, ellenállhatatlan fémes hatású, kiváló minőségű festék ellenáll a korróziónak és a magas hőmérsékletnek, így biztosítva a hibátlan, tartós megjelenést. Tökéletes azok számára, akik könnyed, professzionális eredményre vágynak. Ne hagyja ki a lehetőséget, hogy egy csipetnyi eleganciát varázsoljon felületeire!</div>
<div class="smania_landing_description_list">
<ul>
<li>Kiváló korrózióállóság</li>
<li>Fényes és kifinomult kivitel</li>
<li>Gyors és egyszerű felhordás</li>
<li>Tökéletes fémhez, fához, üveghez és még sok máshoz</li>
<li>90°C-ig ellenáll fakulás nélkül</li>
<li>Kivételesen sokoldalúan használható beltéri és kültéri használatra</li>
</ul></div>

<p>Átalakítja a régi bútorokat|Stílusosabbá teszi otthonát|Garantált minőség|Tökéletes kreatív barkácsoláshoz|Hosszan tartó védelem|Garantált fémhatás|Ideális művészeti projektekhez|Soha többé nem mattítja a felületeket|Térfogat: 450 ml</p>
