{"id":22324,"date":"2021-10-11T08:28:58","date_gmt":"2021-10-11T06:28:58","guid":{"rendered":"https:\/\/smania.store\/hu\/termek\/fishcount-oktato-jatek\/"},"modified":"2023-08-21T13:56:43","modified_gmt":"2023-08-21T11:56:43","slug":"fishcount-oktato-jatek","status":"publish","type":"product","link":"https:\/\/smania.store\/hu\/termek\/fishcount-oktato-jatek\/","title":{"rendered":"Fish&amp;Count oktat\u00f3 j\u00e1t\u00e9k"},"content":{"rendered":"<div class=\"smania_landing_description_title\">Oktat\u00f3! Fish&amp;Count oktat\u00f3 j\u00e1t\u00e9k<\/div>\n<div class=\"smania_landing_description_txt\">Saj\u00e1t\u00edtsa el gyermeke a sz\u00e1mokat egy sz\u00f3rakoztat\u00f3 oktat\u00e1si j\u00e1t\u00e9k seg\u00edts\u00e9g\u00e9vel!<\/div>\n<div class=\"smania_landing_description_subtitle\">A Fish &amp; Count j\u00e1t\u00e9k 4 oktat\u00e1si j\u00e1t\u00e9kot kombin\u00e1l, hogy a gyermekek megismerj\u00e9k a form\u00e1kat, sz\u00e1mokat, a sz\u00e1mol\u00e1st \u00e9s az \u00f6sszead\u00e1st. J\u00e1t\u00e9k k\u00f6zben a koordin\u00e1ci\u00f3 \u00e9s a motoros k\u00e9szs\u00e9g is fejl\u0151dik.<\/div>\n<div class=\"smania_landing_description_list\">\n<ul>\n<li>A hal\u00e1szat seg\u00edti a motoros k\u00e9szs\u00e9gek \u00e9s a koordin\u00e1ci\u00f3 fejleszt\u00e9s\u00e9t<\/li>\n<li>Fejleszti a sz\u00e1mok, az \u00f6sszead\u00e1s \u00e9s a kivon\u00e1s meg\u00e9rt\u00e9s\u00e9t<\/li>\n<li>K\u00fcl\u00f6nb\u00f6z\u0151 form\u00e1k felismer\u00e9se \u00e9s koordin\u00e1l\u00e1sa<\/li>\n<li>Min\u0151s\u00e9gi f\u00e1b\u00f3l k\u00e9sz\u00fclt, vonz\u00f3 sz\u00ednekkel<\/li>\n<li>Nagyszer\u0171 aj\u00e1nd\u00e9k 3 \u00e9vn\u00e9l id\u0151sebb gyermekek sz\u00e1m\u00e1ra<\/li>\n<\/ul>\n<\/div>\n","protected":false},"excerpt":{"rendered":"<p>A gyerekek finom mozg\u00e1s\u00e1nak \u00e9s koordin\u00e1ci\u00f3j\u00e1nak k\u00e9pz\u00e9se|A sz\u00e1mok \u00e9s kapcsolataik meg\u00e9rt\u00e9se|\u00d6sszead\u00e1s \u00e9s kivon\u00e1s|K\u00fcl\u00f6nb\u00f6z\u0151 form\u00e1k felismer\u00e9se \u00e9s koordin\u00e1l\u00e1sa|3 \u00e9vesn\u00e9l id\u0151sebb gyermekek sz\u00e1m\u00e1ra alkalmas|M\u00e9ret: 42 \u00d7 16 cm|Anyag: fa \u00e9s m\u00e1gnesek|S\u00faly: 650g<\/p>\n","protected":false},"featured_media":22317,"template":"","meta":[],"product_cat":[17,2162],"product_tag":[1535,1650,1653,1479],"acf":[],"_links":{"self":[{"href":"https:\/\/smania.store\/hu\/wp-json\/wp\/v2\/product\/22324"}],"collection":[{"href":"https:\/\/smania.store\/hu\/wp-json\/wp\/v2\/product"}],"about":[{"href":"https:\/\/smania.store\/hu\/wp-json\/wp\/v2\/types\/product"}],"wp:featuredmedia":[{"embeddable":true,"href":"https:\/\/smania.store\/hu\/wp-json\/wp\/v2\/media\/22317"}],"wp:attachment":[{"href":"https:\/\/smania.store\/hu\/wp-json\/wp\/v2\/media?parent=22324"}],"wp:term":[{"taxonomy":"product_cat","embeddable":true,"href":"https:\/\/smania.store\/hu\/wp-json\/wp\/v2\/product_cat?post=22324"},{"taxonomy":"product_tag","embeddable":true,"href":"https:\/\/smania.store\/hu\/wp-json\/wp\/v2\/product_tag?post=22324"}],"curies":[{"name":"wp","href":"https:\/\/api.w.org\/{rel}","templated":true}]}}

Fish&amp;Count oktató játék

<div class="smania_landing_description_title">Oktató! Fish&amp;Count oktató játék</div>
<div class="smania_landing_description_txt">Sajátítsa el gyermeke a számokat egy szórakoztató oktatási játék segítségével!</div>
<div class="smania_landing_description_subtitle">A Fish &amp; Count játék 4 oktatási játékot kombinál, hogy a gyermekek megismerjék a formákat, számokat, a számolást és az összeadást. Játék közben a koordináció és a motoros készség is fejlődik.</div>
<div class="smania_landing_description_list">
<ul>
<li>A halászat segíti a motoros készségek és a koordináció fejlesztését</li>
<li>Fejleszti a számok, az összeadás és a kivonás megértését</li>
<li>Különböző formák felismerése és koordinálása</li>
<li>Minőségi fából készült, vonzó színekkel</li>
<li>Nagyszerű ajándék 3 évnél idősebb gyermekek számára</li>
</ul>
</div>

<p>A gyerekek finom mozgásának és koordinációjának képzése|A számok és kapcsolataik megértése|Összeadás és kivonás|Különböző formák felismerése és koordinálása|3 évesnél idősebb gyermekek számára alkalmas|Méret: 42 × 16 cm|Anyag: fa és mágnesek|Súly: 650g</p>
