{"id":105887,"date":"2026-08-28T12:27:59","date_gmt":"2026-08-28T10:27:59","guid":{"rendered":"https:\/\/smania.store\/hu\/termek\/dinelux-melegen-tarto-edeny-45l\/"},"modified":"2026-08-28T12:27:59","modified_gmt":"2026-08-28T10:27:59","slug":"dinelux-melegen-tarto-edeny-45l","status":"publish","type":"product","link":"https:\/\/smania.store\/hu\/termek\/dinelux-melegen-tarto-edeny-45l\/","title":{"rendered":"DineLux\u2122 melegen tart\u00f3 ed\u00e9ny 4,5L"},"content":{"rendered":"<div class=\"smania_landing_description_title\">\u00daJ: K\u00f6nnyed\u00e9n rendszerezze kamr\u00e1j\u00e1t<\/div>\n<div class=\"smania_landing_description_txt\">T\u00d6K\u00c9LETES SV\u00c9DASZTAL M\u00c1SODPERCEK ALATT<\/div>\n<div class=\"smania_landing_description_subtitle\"> Professzion\u00e1lis 4,5 literes rozsdamentes ac\u00e9l kerek melegentart\u00f3 ed\u00e9ny, amelyet arra terveztek, hogy \u00e9teleit t\u00f6k\u00e9letes h\u0151m\u00e9rs\u00e9kleten tartsa banketteken, esk\u00fcv\u0151k\u00f6n \u00e9s partikon. <\/div>\n<div class=\"smania_landing_description_list\">\n<ul>\n<li>Nagy 4,5 L-es \u0171rtartalom az eleg\u00e1ns b\u00fcf\u00e9szolg\u00e1lathoz<\/li>\n<li>Kiv\u00e1l\u00f3 min\u0151s\u00e9g\u0171, 1,6 mm vastag SS201 rozsdamentes ac\u00e9l<\/li>\n<li>Kimagasl\u00f3 h\u0151tart\u00e1s meleg vagy hideg \u00e9telekhez<\/li>\n<li>Innovat\u00edv, peremezett \u00e9l technol\u00f3gia a biztons\u00e1g\u00e9rt<\/li>\n<li>Magasan pol\u00edrozott, korr\u00f3zi\u00f3\u00e1ll\u00f3 fel\u00fclet<\/li>\n<li>Kompakt \u00e9s k\u00f6nnyen tiszt\u00edthat\u00f3 kialak\u00edt\u00e1s<\/li>\n<\/ul><\/div>\n","protected":false},"excerpt":{"rendered":"<p>Hossz\u00fa ideig meg\u0151rzi az \u00e9lelmiszerek frissess\u00e9g\u00e9t|Biztons\u00e1gos, lekerek\u00edtett \u00e9lek megakad\u00e1lyozz\u00e1k a v\u00e9letlen v\u00e1g\u00e1sokat|Sokoldal\u00faan haszn\u00e1lhat\u00f3 forr\u00f3 v\u00edzzel vagy j\u00e9ggel|Professzion\u00e1lis t\u00fck\u00f6rf\u00e9nyes fel\u00fclet a hib\u00e1tlan megjelen\u00e9s\u00e9rt|Karc\u00e1ll\u00f3 \u00e9s tart\u00f3s kivitel|Tapad\u00e1smentes \u00e9s k\u00f6nnyen tiszt\u00edthat\u00f3 fel\u00fclet|M\u00e9retek: 42 cm x 26 cm|\u0170rtartalom: 4,5 L|S\u00faly: 2,5 kg|Anyag: 1,6 mm vastag rozsdamentes ac\u00e9l SS201, edzett \u00fcvegfed\u00e9l|Fel\u00fclet: magasf\u00e9ny\u0171 t\u00fck\u00f6rpol\u00edr fel\u00fclet|A csomag tartalma: 1x 4,5 l \u00e9teltart\u00f3 ed\u00e9ny, 1x v\u00edztart\u00f3 ed\u00e9ny, 1x massz\u00edv v\u00e1z, 1x fed\u00e9l, 1x fed\u00e9ltart\u00f3, 1x \u00fczemanyagtart\u00f3<\/p>\n","protected":false},"featured_media":105875,"template":"","meta":[],"product_cat":[223],"product_tag":[1809],"acf":[],"_links":{"self":[{"href":"https:\/\/smania.store\/hu\/wp-json\/wp\/v2\/product\/105887"}],"collection":[{"href":"https:\/\/smania.store\/hu\/wp-json\/wp\/v2\/product"}],"about":[{"href":"https:\/\/smania.store\/hu\/wp-json\/wp\/v2\/types\/product"}],"wp:featuredmedia":[{"embeddable":true,"href":"https:\/\/smania.store\/hu\/wp-json\/wp\/v2\/media\/105875"}],"wp:attachment":[{"href":"https:\/\/smania.store\/hu\/wp-json\/wp\/v2\/media?parent=105887"}],"wp:term":[{"taxonomy":"product_cat","embeddable":true,"href":"https:\/\/smania.store\/hu\/wp-json\/wp\/v2\/product_cat?post=105887"},{"taxonomy":"product_tag","embeddable":true,"href":"https:\/\/smania.store\/hu\/wp-json\/wp\/v2\/product_tag?post=105887"}],"curies":[{"name":"wp","href":"https:\/\/api.w.org\/{rel}","templated":true}]}}

DineLux™ melegen tartó edény 4,5L

<div class="smania_landing_description_title">ÚJ: Könnyedén rendszerezze kamráját</div>
<div class="smania_landing_description_txt">TÖKÉLETES SVÉDASZTAL MÁSODPERCEK ALATT</div>
<div class="smania_landing_description_subtitle"> Professzionális 4,5 literes rozsdamentes acél kerek melegentartó edény, amelyet arra terveztek, hogy ételeit tökéletes hőmérsékleten tartsa banketteken, esküvőkön és partikon. </div>
<div class="smania_landing_description_list">
<ul>
<li>Nagy 4,5 L-es űrtartalom az elegáns büfészolgálathoz</li>
<li>Kiváló minőségű, 1,6 mm vastag SS201 rozsdamentes acél</li>
<li>Kimagasló hőtartás meleg vagy hideg ételekhez</li>
<li>Innovatív, peremezett él technológia a biztonságért</li>
<li>Magasan polírozott, korrózióálló felület</li>
<li>Kompakt és könnyen tisztítható kialakítás</li>
</ul></div>

<p>Hosszú ideig megőrzi az élelmiszerek frissességét|Biztonságos, lekerekített élek megakadályozzák a véletlen vágásokat|Sokoldalúan használható forró vízzel vagy jéggel|Professzionális tükörfényes felület a hibátlan megjelenésért|Karcálló és tartós kivitel|Tapadásmentes és könnyen tisztítható felület|Méretek: 42 cm x 26 cm|Űrtartalom: 4,5 L|Súly: 2,5 kg|Anyag: 1,6 mm vastag rozsdamentes acél SS201, edzett üvegfedél|Felület: magasfényű tükörpolír felület|A csomag tartalma: 1x 4,5 l ételtartó edény, 1x víztartó edény, 1x masszív váz, 1x fedél, 1x fedéltartó, 1x üzemanyagtartó</p>
