{"id":105809,"date":"2026-08-28T08:10:47","date_gmt":"2026-08-28T06:10:47","guid":{"rendered":"https:\/\/smania.store\/hu\/termek\/spikeback-osszecsukhato-visszapattano-halo\/"},"modified":"2026-08-28T08:10:47","modified_gmt":"2026-08-28T06:10:47","slug":"spikeback-osszecsukhato-visszapattano-halo","status":"publish","type":"product","link":"https:\/\/smania.store\/hu\/termek\/spikeback-osszecsukhato-visszapattano-halo\/","title":{"rendered":"SpikeBack\u2122 \u00f6sszecsukhat\u00f3 visszapattan\u00f3 h\u00e1l\u00f3"},"content":{"rendered":"<div class=\"smania_landing_description_title\">\u00daJ: K\u00f6nnyed\u00e9n Rendszerezze Kamr\u00e1j\u00e1t<\/div>\n<div class=\"smania_landing_description_txt\">T\u00f6k\u00e9letes\u00edtsd a passzaidat!<\/div>\n<div class=\"smania_landing_description_subtitle\"> Fejleszd foci- vagy r\u00f6plabda-k\u00e9szs\u00e9geidet otthon a forradalmi SpikeBack\u2122 visszapattan\u00f3 h\u00e1l\u00f3val! Tapasztald meg a p\u00e1ratlan labdakontrollt, pontoss\u00e1got \u00e9s agilit\u00e1st, ahogy ez a dinamikus visszapattan\u00f3 minden alkalommal t\u00f6k\u00e9letes pontoss\u00e1ggal adja vissza a labd\u00e1t. <\/div>\n<div class=\"smania_landing_description_list\">\n<ul>\n<li>Jav\u00edtja a labdakezel\u00e9st \u00e9s a technik\u00e1t<\/li>\n<li>\u00c1ll\u00edthat\u00f3 visszapattan\u00e1si sz\u00f6g a sokoldal\u00fas\u00e1g\u00e9rt<\/li>\n<li>Hordozhat\u00f3 kialak\u00edt\u00e1s \u2013 eddz b\u00e1rhol, b\u00e1rmikor<\/li>\n<li>Ide\u00e1lis kapura l\u00f6v\u00e9si gyakorlatokhoz<\/li>\n<li>T\u00e1mogatja a k\u00fcl\u00f6nb\u00f6z\u0151 k\u00e9pzetts\u00e9gi szinteket<\/li>\n<\/ul><\/div>\n","protected":false},"excerpt":{"rendered":"<p>Jav\u00edtja a l\u00f6v\u00e9si \u00e9s passzol\u00e1si pontoss\u00e1got|Sokoldal\u00fa felhaszn\u00e1l\u00e1s k\u00fcl\u00f6nb\u00f6z\u0151 sport\u00e1gakhoz|Gyors visszapattan\u00e1s a reakci\u00f3- \u00e9s reflexedz\u00e9shez|Massz\u00edv szerkezet a biztons\u00e1gos haszn\u00e1lathoz|Gyors \u00f6sszeszerel\u00e9s, bonyolult szersz\u00e1mok n\u00e9lk\u00fcl|M\u00e9retek: 100 x 100 x 70 cm|V\u00e1z anyaga: porsz\u00f3rt ac\u00e9l|H\u00e1l\u00f3 anyaga: nejlon|S\u00faly: 3,2 kg|Tartalma: visszapattan\u00f3 h\u00e1l\u00f3, \u00e1ll\u00edthat\u00f3 v\u00e1z \u00e9s \u00f6sszeszerel\u00e9si alkatr\u00e9szek<\/p>\n","protected":false},"featured_media":105796,"template":"","meta":[],"product_cat":[21],"product_tag":[1511],"acf":[],"_links":{"self":[{"href":"https:\/\/smania.store\/hu\/wp-json\/wp\/v2\/product\/105809"}],"collection":[{"href":"https:\/\/smania.store\/hu\/wp-json\/wp\/v2\/product"}],"about":[{"href":"https:\/\/smania.store\/hu\/wp-json\/wp\/v2\/types\/product"}],"wp:featuredmedia":[{"embeddable":true,"href":"https:\/\/smania.store\/hu\/wp-json\/wp\/v2\/media\/105796"}],"wp:attachment":[{"href":"https:\/\/smania.store\/hu\/wp-json\/wp\/v2\/media?parent=105809"}],"wp:term":[{"taxonomy":"product_cat","embeddable":true,"href":"https:\/\/smania.store\/hu\/wp-json\/wp\/v2\/product_cat?post=105809"},{"taxonomy":"product_tag","embeddable":true,"href":"https:\/\/smania.store\/hu\/wp-json\/wp\/v2\/product_tag?post=105809"}],"curies":[{"name":"wp","href":"https:\/\/api.w.org\/{rel}","templated":true}]}}

SpikeBack™ összecsukható visszapattanó háló

<div class="smania_landing_description_title">ÚJ: Könnyedén Rendszerezze Kamráját</div>
<div class="smania_landing_description_txt">Tökéletesítsd a passzaidat!</div>
<div class="smania_landing_description_subtitle"> Fejleszd foci- vagy röplabda-készségeidet otthon a forradalmi SpikeBack™ visszapattanó hálóval! Tapasztald meg a páratlan labdakontrollt, pontosságot és agilitást, ahogy ez a dinamikus visszapattanó minden alkalommal tökéletes pontossággal adja vissza a labdát. </div>
<div class="smania_landing_description_list">
<ul>
<li>Javítja a labdakezelést és a technikát</li>
<li>Állítható visszapattanási szög a sokoldalúságért</li>
<li>Hordozható kialakítás – eddz bárhol, bármikor</li>
<li>Ideális kapura lövési gyakorlatokhoz</li>
<li>Támogatja a különböző képzettségi szinteket</li>
</ul></div>

<p>Javítja a lövési és passzolási pontosságot|Sokoldalú felhasználás különböző sportágakhoz|Gyors visszapattanás a reakció- és reflexedzéshez|Masszív szerkezet a biztonságos használathoz|Gyors összeszerelés, bonyolult szerszámok nélkül|Méretek: 100 x 100 x 70 cm|Váz anyaga: porszórt acél|Háló anyaga: nejlon|Súly: 3,2 kg|Tartalma: visszapattanó háló, állítható váz és összeszerelési alkatrészek</p>
