{"id":105781,"date":"2026-08-28T07:10:46","date_gmt":"2026-08-28T05:10:46","guid":{"rendered":"https:\/\/smania.store\/hu\/termek\/flamego-osszecsukhato-hordozhato-gazfozo\/"},"modified":"2026-08-28T07:10:46","modified_gmt":"2026-08-28T05:10:46","slug":"flamego-osszecsukhato-hordozhato-gazfozo","status":"publish","type":"product","link":"https:\/\/smania.store\/hu\/termek\/flamego-osszecsukhato-hordozhato-gazfozo\/","title":{"rendered":"FlameGo\u2122 \u00f6sszecsukhat\u00f3 hordozhat\u00f3 g\u00e1zf\u0151z\u0151"},"content":{"rendered":"<div class=\"smania_landing_description_title\">\u00daJ: K\u00f6nnyed\u00e9n rendszerezze kamr\u00e1j\u00e1t<\/div>\n<div class=\"smania_landing_description_txt\">\u00d6SSZECSUK, BEGY\u00daJT, F\u0150ZZ B\u00c1RHOL!<\/div>\n<div class=\"smania_landing_description_subtitle\"> Professzion\u00e1lis 2600W-os hordozhat\u00f3 \u00f6sszecsukhat\u00f3 kempingf\u0151z\u0151, be\u00e9p\u00edtett elektronikus gy\u00fajt\u00e1ssal \u00e9s m\u00e1gneses biztons\u00e1gi szeleppel, amelyet nagy teljes\u00edtm\u00e9ny\u0171 k\u00fclt\u00e9ri f\u0151z\u00e9sre terveztek. <\/div>\n<div class=\"smania_landing_description_list\">\n<ul>\n<li>Integr\u00e1lt elektronikus gy\u00fajt\u00e1s a k\u00f6nny\u0171 ind\u00edt\u00e1shoz<\/li>\n<li>Er\u0151teljes 2600W \u00e1ll\u00edthat\u00f3 h\u0151teljes\u00edtm\u00e9ny<\/li>\n<li>M\u00e1gneses t\u00falnyom\u00e1s-biztons\u00e1gi szelep<\/li>\n<li>90 fokban forgathat\u00f3 kompakt \u00f6sszecsukhat\u00f3 kialak\u00edt\u00e1s<\/li>\n<li>Sz\u00e9l\u00e1ll\u00f3 f\u00fcgg\u0151leges \u00e9g\u0151fej<\/li>\n<li>Stabil cs\u00fasz\u00e1sg\u00e1tl\u00f3 t\u0171zhelyl\u00e1bak a biztons\u00e1g\u00e9rt<\/li>\n<\/ul><\/div>\n","protected":false},"excerpt":{"rendered":"<p>Tart\u00f3s \u00f6tv\u00f6zet \u00e9s rozsdamentes ac\u00e9l szerkezet|10 \u00e9s 23 cm k\u00f6z\u00f6tti ed\u00e9ny\u00e1tm\u00e9r\u0151ket t\u00e1mogat|Automatikus poz\u00edci\u00f3r\u00f6gz\u00edt\u00e9s 90 fokban|Magas h\u0151m\u00e9rs\u00e9kletnek \u00e9s korr\u00f3zi\u00f3nak ellen\u00e1ll\u00f3|K\u00f6nny\u0171 \u00e9s t\u00e1rol\u00f3t\u00e1sk\u00e1val k\u00f6nnyen hordozhat\u00f3|Magas h\u0151hat\u00e9konys\u00e1g a gyors forral\u00e1shoz|A csomag tartalma: hordozhat\u00f3 t\u0171zhely, kompakt hordt\u00e1ska|\u00dczemanyag t\u00edpusa: but\u00e1ng\u00e1z patron \u00f6nz\u00e1r\u00f3 szeleppel (nem tartoz\u00e9k)|Gy\u00fajt\u00e1sm\u00f3d: elektronikus gy\u00fajt\u00e1s|Teljes\u00edtm\u00e9ny: 2600 Watt|T\u00e1rol\u00e1si m\u00e9ret: 25,5 x 8 x 10,5 cm|T\u00f6meg: 1,2 kg|N\u00e9vleges g\u00e1zfogyaszt\u00e1s: 120 g\/\u00f3ra|Anyag: rozsdamentes ac\u00e9l, alum\u00ednium, r\u00e9z<\/p>\n","protected":false},"featured_media":105769,"template":"","meta":[],"product_cat":[223,21],"product_tag":[1814,1546],"acf":[],"_links":{"self":[{"href":"https:\/\/smania.store\/hu\/wp-json\/wp\/v2\/product\/105781"}],"collection":[{"href":"https:\/\/smania.store\/hu\/wp-json\/wp\/v2\/product"}],"about":[{"href":"https:\/\/smania.store\/hu\/wp-json\/wp\/v2\/types\/product"}],"wp:featuredmedia":[{"embeddable":true,"href":"https:\/\/smania.store\/hu\/wp-json\/wp\/v2\/media\/105769"}],"wp:attachment":[{"href":"https:\/\/smania.store\/hu\/wp-json\/wp\/v2\/media?parent=105781"}],"wp:term":[{"taxonomy":"product_cat","embeddable":true,"href":"https:\/\/smania.store\/hu\/wp-json\/wp\/v2\/product_cat?post=105781"},{"taxonomy":"product_tag","embeddable":true,"href":"https:\/\/smania.store\/hu\/wp-json\/wp\/v2\/product_tag?post=105781"}],"curies":[{"name":"wp","href":"https:\/\/api.w.org\/{rel}","templated":true}]}}

FlameGo™ összecsukható hordozható gázfőző

<div class="smania_landing_description_title">ÚJ: Könnyedén rendszerezze kamráját</div>
<div class="smania_landing_description_txt">ÖSSZECSUK, BEGYÚJT, FŐZZ BÁRHOL!</div>
<div class="smania_landing_description_subtitle"> Professzionális 2600W-os hordozható összecsukható kempingfőző, beépített elektronikus gyújtással és mágneses biztonsági szeleppel, amelyet nagy teljesítményű kültéri főzésre terveztek. </div>
<div class="smania_landing_description_list">
<ul>
<li>Integrált elektronikus gyújtás a könnyű indításhoz</li>
<li>Erőteljes 2600W állítható hőteljesítmény</li>
<li>Mágneses túlnyomás-biztonsági szelep</li>
<li>90 fokban forgatható kompakt összecsukható kialakítás</li>
<li>Szélálló függőleges égőfej</li>
<li>Stabil csúszásgátló tűzhelylábak a biztonságért</li>
</ul></div>

<p>Tartós ötvözet és rozsdamentes acél szerkezet|10 és 23 cm közötti edényátmérőket támogat|Automatikus pozíciórögzítés 90 fokban|Magas hőmérsékletnek és korróziónak ellenálló|Könnyű és tárolótáskával könnyen hordozható|Magas hőhatékonyság a gyors forraláshoz|A csomag tartalma: hordozható tűzhely, kompakt hordtáska|Üzemanyag típusa: butángáz patron önzáró szeleppel (nem tartozék)|Gyújtásmód: elektronikus gyújtás|Teljesítmény: 2600 Watt|Tárolási méret: 25,5 x 8 x 10,5 cm|Tömeg: 1,2 kg|Névleges gázfogyasztás: 120 g/óra|Anyag: rozsdamentes acél, alumínium, réz</p>
