{"id":105747,"date":"2026-08-27T14:00:38","date_gmt":"2026-08-27T12:00:38","guid":{"rendered":"https:\/\/smania.store\/hu\/termek\/swiftlift-forgathato-ajto-es-tablaemelo\/"},"modified":"2026-08-27T14:00:38","modified_gmt":"2026-08-27T12:00:38","slug":"swiftlift-forgathato-ajto-es-tablaemelo","status":"publish","type":"product","link":"https:\/\/smania.store\/hu\/termek\/swiftlift-forgathato-ajto-es-tablaemelo\/","title":{"rendered":"SwiftLift\u2122 forgathat\u00f3 ajt\u00f3- \u00e9s t\u00e1blaemel\u0151"},"content":{"rendered":"<div class=\"smania_landing_description_title\">\u00daJ: K\u00f6nnyed\u00e9n rendszerezheted kamr\u00e1dat<\/div>\n<div class=\"smania_landing_description_txt\">K\u00c9ZHASZN\u00c1LAT N\u00c9LK\u00dcLI PRECIZI\u00d3, K\u00d6NNYED EMEL\u00c9S!<\/div>\n<div class=\"smania_landing_description_subtitle\"> Professzion\u00e1lis, l\u00e1bbal m\u0171k\u00f6dtethet\u0151 ajt\u00f3- \u00e9s t\u00e1blaemel\u0151 tov\u00e1bbfejlesztett sz\u00e9nac\u00e9lb\u00f3l, amelyet \u00fagy terveztek, hogy 360\u00b0-ban elforgatva megtartsa \u00e9s poz\u00edcion\u00e1lja az ajt\u00f3kat, mik\u00f6zben a kezei szabadon maradnak a szerel\u00e9shez. <\/div>\n<div class=\"smania_landing_description_list\">\n<ul>\n<li>L\u00e1bbal m\u0171k\u00f6dtethet\u0151 a k\u00e9z n\u00e9lk\u00fcli ajt\u00f3illeszt\u00e9shez<\/li>\n<li>360\u00b0-os elforgat\u00e1s a t\u00f6k\u00e9letes pozicion\u00e1l\u00e1shoz<\/li>\n<li>Korszer\u0171s\u00edtett sz\u00e9nac\u00e9l a maxim\u00e1lis tart\u00f3ss\u00e1g\u00e9rt<\/li>\n<li>H\u00e1romoldal\u00fa cs\u00fasz\u00e1sg\u00e1tl\u00f3 gumip\u00e1rn\u00e1k<\/li>\n<li>K\u00edm\u00e9letes talp v\u00e9di a padl\u00f3t<\/li>\n<li>K\u00f6nnyed emel\u00e9si \u00e9s szintez\u00e9si kontroll<\/li>\n<\/ul><\/div>\n","protected":false},"excerpt":{"rendered":"<p>Egyszer\u0171 emel\u0151elv a k\u00f6nny\u0171 kezel\u00e9s\u00e9rt|Stabil, cs\u00fasz\u00e1smentes gumitalp \u00e9s ped\u00e1lok|Textur\u00e1lt markolat megakad\u00e1lyozza az ajt\u00f3 elcs\u00fasz\u00e1s\u00e1t|Kompakt kialak\u00edt\u00e1s a k\u00f6nny\u0171 sz\u00e1ll\u00edt\u00e1shoz \u00e9s t\u00e1rol\u00e1shoz|Ak\u00e1r 6,70 cm magasra emel az ajt\u00f3p\u00e1ntok be\u00e1ll\u00edt\u00e1s\u00e1hoz|Robusztus kialak\u00edt\u00e1s professzion\u00e1lis haszn\u00e1latra|Anyag: fejlesztett sz\u00e9nac\u00e9l + gumi|Max. emel\u00e9si magass\u00e1g: kb. 6,7 cm|Max. terhelhet\u0151s\u00e9g: 75 kg|Forgathat\u00f3s\u00e1g: teljes 360\u00b0-ban elforgathat\u00f3|Talp \u00e1tm\u00e9r\u0151je: 8 cm|Teljes hossz: 32 cm<\/p>\n","protected":false},"featured_media":105737,"template":"","meta":[],"product_cat":[16,222],"product_tag":[1789,1538],"acf":[],"_links":{"self":[{"href":"https:\/\/smania.store\/hu\/wp-json\/wp\/v2\/product\/105747"}],"collection":[{"href":"https:\/\/smania.store\/hu\/wp-json\/wp\/v2\/product"}],"about":[{"href":"https:\/\/smania.store\/hu\/wp-json\/wp\/v2\/types\/product"}],"wp:featuredmedia":[{"embeddable":true,"href":"https:\/\/smania.store\/hu\/wp-json\/wp\/v2\/media\/105737"}],"wp:attachment":[{"href":"https:\/\/smania.store\/hu\/wp-json\/wp\/v2\/media?parent=105747"}],"wp:term":[{"taxonomy":"product_cat","embeddable":true,"href":"https:\/\/smania.store\/hu\/wp-json\/wp\/v2\/product_cat?post=105747"},{"taxonomy":"product_tag","embeddable":true,"href":"https:\/\/smania.store\/hu\/wp-json\/wp\/v2\/product_tag?post=105747"}],"curies":[{"name":"wp","href":"https:\/\/api.w.org\/{rel}","templated":true}]}}

SwiftLift™ forgatható ajtó- és táblaemelő

<div class="smania_landing_description_title">ÚJ: Könnyedén rendszerezheted kamrádat</div>
<div class="smania_landing_description_txt">KÉZHASZNÁLAT NÉLKÜLI PRECIZIÓ, KÖNNYED EMELÉS!</div>
<div class="smania_landing_description_subtitle"> Professzionális, lábbal működtethető ajtó- és táblaemelő továbbfejlesztett szénacélból, amelyet úgy terveztek, hogy 360°-ban elforgatva megtartsa és pozícionálja az ajtókat, miközben a kezei szabadon maradnak a szereléshez. </div>
<div class="smania_landing_description_list">
<ul>
<li>Lábbal működtethető a kéz nélküli ajtóillesztéshez</li>
<li>360°-os elforgatás a tökéletes pozicionáláshoz</li>
<li>Korszerűsített szénacél a maximális tartósságért</li>
<li>Háromoldalú csúszásgátló gumipárnák</li>
<li>Kíméletes talp védi a padlót</li>
<li>Könnyed emelési és szintezési kontroll</li>
</ul></div>

<p>Egyszerű emelőelv a könnyű kezelésért|Stabil, csúszásmentes gumitalp és pedálok|Texturált markolat megakadályozza az ajtó elcsúszását|Kompakt kialakítás a könnyű szállításhoz és tároláshoz|Akár 6,70 cm magasra emel az ajtópántok beállításához|Robusztus kialakítás professzionális használatra|Anyag: fejlesztett szénacél + gumi|Max. emelési magasság: kb. 6,7 cm|Max. terhelhetőség: 75 kg|Forgathatóság: teljes 360°-ban elforgatható|Talp átmérője: 8 cm|Teljes hossz: 32 cm</p>
