{"id":105673,"date":"2026-08-27T11:03:20","date_gmt":"2026-08-27T09:03:20","guid":{"rendered":"https:\/\/smania.store\/hu\/termek\/itchybarrier-osszecsukhato-babaszunyoghalo\/"},"modified":"2026-08-27T11:03:20","modified_gmt":"2026-08-27T09:03:20","slug":"itchybarrier-osszecsukhato-babaszunyoghalo","status":"publish","type":"product","link":"https:\/\/smania.store\/hu\/termek\/itchybarrier-osszecsukhato-babaszunyoghalo\/","title":{"rendered":"ItchyBarrier\u2122 \u00f6sszecsukhat\u00f3 babasz\u00fanyogh\u00e1l\u00f3"},"content":{"rendered":"<div class=\"smania_landing_description_title\">\u00daJ: K\u00f6nnyed\u00e9n rendszerezze kamr\u00e1j\u00e1t<\/div>\n<div class=\"smania_landing_description_txt\">Biztons\u00e1gos alv\u00e1s, bog\u00e1rmentes \u00e1lmok!<\/div>\n<div class=\"smania_landing_description_subtitle\"> Pr\u00e9mium, egy mozdulattal \u00f6sszecsukhat\u00f3 babasz\u00fanyogh\u00e1l\u00f3 nagy s\u0171r\u0171s\u00e9g\u0171 h\u00e1l\u00f3val \u00e9s f\u00e9nyv\u00e9d\u0151vel, 360\u00b0-os v\u00e9delmet biztos\u00edtva kicsij\u00e9nek b\u00e1rhol. <\/div>\n<div class=\"smania_landing_description_list\">\n<ul>\n<li>Azonnali, egy\u00e9rint\u00e9ses \u00f6sszehajt\u00e1s a k\u00f6nnyed fel\u00e1ll\u00edt\u00e1shoz<\/li>\n<li>Nagy s\u0171r\u0171s\u00e9g\u0171 h\u00e1l\u00f3, amely t\u00e1vol tartja a legkisebb rovarokat is<\/li>\n<li>360\u00b0-os v\u00e9delem 10 cm-es rovarcs\u00edp\u00e9s elleni aljzattal<\/li>\n<li>Ultrahordozhat\u00f3: mind\u00f6ssze 2 cm v\u00e9konyra hajthat\u00f3<\/li>\n<li>Tet\u0151\u00e1rny\u00e9kol\u00f3 v\u00e9di a szemet az er\u0151s f\u00e9nyt\u0151l<\/li>\n<li>Vegyszermentes \u00e9s biztons\u00e1gos \u00fajsz\u00fcl\u00f6ttek sz\u00e1m\u00e1ra<\/li>\n<\/ul><\/div>\n","protected":false},"excerpt":{"rendered":"<p>Tart\u00f3s rozsdamentes ac\u00e9l \u00e9s PVC v\u00e1z|L\u00e9g\u00e1tereszt\u0151 h\u00e1l\u00f3 az optim\u00e1lis l\u00e9g\u00e1raml\u00e1s\u00e9rt|Ide\u00e1lis otthonra, utaz\u00e1shoz, strandra vagy parkokba|Tiszta kil\u00e1t\u00e1s a baba k\u00f6nny\u0171 megfigyel\u00e9s\u00e9hez|T\u00e1gas bels\u0151 t\u00e9r a maxim\u00e1lis k\u00e9nyelem\u00e9rt|Anyag: poli\u00e9szter h\u00e1l\u00f3 \u00e9s sz\u00f6vet, ac\u00e9lhuzal, PVC tart\u00f3rudak|M\u00e9ret: 120 x 65 x 60 cm|\u00d6sszecsukott m\u00e9ret: 60 x 65 x 2 cm|Aj\u00e1nlott \u00e9letkor: \u00fajsz\u00fcl\u00f6tt kort\u00f3l|Tiszt\u00edt\u00e1s: csak k\u00e9zzel moshat\u00f3<\/p>\n","protected":false},"featured_media":105661,"template":"","meta":[],"product_cat":[17],"product_tag":[1491],"acf":[],"_links":{"self":[{"href":"https:\/\/smania.store\/hu\/wp-json\/wp\/v2\/product\/105673"}],"collection":[{"href":"https:\/\/smania.store\/hu\/wp-json\/wp\/v2\/product"}],"about":[{"href":"https:\/\/smania.store\/hu\/wp-json\/wp\/v2\/types\/product"}],"wp:featuredmedia":[{"embeddable":true,"href":"https:\/\/smania.store\/hu\/wp-json\/wp\/v2\/media\/105661"}],"wp:attachment":[{"href":"https:\/\/smania.store\/hu\/wp-json\/wp\/v2\/media?parent=105673"}],"wp:term":[{"taxonomy":"product_cat","embeddable":true,"href":"https:\/\/smania.store\/hu\/wp-json\/wp\/v2\/product_cat?post=105673"},{"taxonomy":"product_tag","embeddable":true,"href":"https:\/\/smania.store\/hu\/wp-json\/wp\/v2\/product_tag?post=105673"}],"curies":[{"name":"wp","href":"https:\/\/api.w.org\/{rel}","templated":true}]}}

ItchyBarrier™ összecsukható babaszúnyogháló

<div class="smania_landing_description_title">ÚJ: Könnyedén rendszerezze kamráját</div>
<div class="smania_landing_description_txt">Biztonságos alvás, bogármentes álmok!</div>
<div class="smania_landing_description_subtitle"> Prémium, egy mozdulattal összecsukható babaszúnyogháló nagy sűrűségű hálóval és fényvédővel, 360°-os védelmet biztosítva kicsijének bárhol. </div>
<div class="smania_landing_description_list">
<ul>
<li>Azonnali, egyérintéses összehajtás a könnyed felállításhoz</li>
<li>Nagy sűrűségű háló, amely távol tartja a legkisebb rovarokat is</li>
<li>360°-os védelem 10 cm-es rovarcsípés elleni aljzattal</li>
<li>Ultrahordozható: mindössze 2 cm vékonyra hajtható</li>
<li>Tetőárnyékoló védi a szemet az erős fénytől</li>
<li>Vegyszermentes és biztonságos újszülöttek számára</li>
</ul></div>

<p>Tartós rozsdamentes acél és PVC váz|Légáteresztő háló az optimális légáramlásért|Ideális otthonra, utazáshoz, strandra vagy parkokba|Tiszta kilátás a baba könnyű megfigyeléséhez|Tágas belső tér a maximális kényelemért|Anyag: poliészter háló és szövet, acélhuzal, PVC tartórudak|Méret: 120 x 65 x 60 cm|Összecsukott méret: 60 x 65 x 2 cm|Ajánlott életkor: újszülött kortól|Tisztítás: csak kézzel mosható</p>
