{"id":105329,"date":"2026-08-21T07:09:33","date_gmt":"2026-08-21T05:09:33","guid":{"rendered":"https:\/\/smania.store\/hu\/termek\/bookcart-otszintes-gurulo-konyvespolc\/"},"modified":"2026-09-01T01:23:42","modified_gmt":"2026-08-31T23:23:42","slug":"bookcart-otszintes-gurulo-konyvespolc","status":"publish","type":"product","link":"https:\/\/smania.store\/hu\/termek\/bookcart-otszintes-gurulo-konyvespolc\/","title":{"rendered":"BookCart\u2122 \u00f6tszintes gurul\u00f3 k\u00f6nyvespolc"},"content":{"rendered":"<div class=\"smania_landing_description_title\">\u00daJ: K\u00f6nnyed\u00e9n rendszerezze \u00e9lel\u00e9skamr\u00e1j\u00e1t<\/div>\n<div class=\"smania_landing_description_txt\">MOBIL T\u00c1ROL\u00c1S, OKOS RENDSZEREZ\u00c9S!<\/div>\n<div class=\"smania_landing_description_subtitle\"> Egy v\u00e9kony, \u00f6tszintes, gurul\u00f3s k\u00f6nyvt\u00e1rol\u00f3 \u00e1llv\u00e1ny k\u00e9toldalas t\u00e1rol\u00f3val \u00e9s z\u00e1rhat\u00f3 kerekekkel a hat\u00e9kony munkater\u00fclet-rendszerez\u00e9shez. <\/div>\n<div class=\"smania_landing_description_list\">\n<ul>\n<li>K\u00e9toldali polcok a maxim\u00e1lis t\u00e1rhely\u00e9rt<\/li>\n<li>360\u00b0-ban z\u00e1rhat\u00f3 kerekek a k\u00f6nny\u0171 mozgathat\u00f3s\u00e1g\u00e9rt<\/li>\n<li>5 polcos t\u00e1rol\u00f3kapacit\u00e1s k\u00f6nyvek \u00e9s iratok sz\u00e1m\u00e1ra<\/li>\n<li>Fels\u0151 t\u00e1lca tollak \u00e9s kisebb eszk\u00f6z\u00f6k sz\u00e1m\u00e1ra<\/li>\n<li>Megvastag\u00edtott anyag a stabil al\u00e1t\u00e1maszt\u00e1s\u00e9rt<\/li>\n<li>Keskeny kialak\u00edt\u00e1s, amely sz\u0171k helyekre is bef\u00e9r<\/li>\n<\/ul><\/div>\n","protected":false},"excerpt":{"rendered":"<p>\u00dcreges kialak\u00edt\u00e1s a megfelel\u0151 szell\u0151z\u00e9s\u00e9rt|Biztons\u00e1gos, sorjamentes, lekerek\u00edtett \u00e9lek|Ide\u00e1lis otthoni, irodai vagy iskolai haszn\u00e1latra|Szersz\u00e1mmentes, 4 l\u00e9p\u00e9ses gyors \u00f6sszeszerel\u00e9s|F\u00e9kezhet\u0151 kerekek a stabil elhelyez\u00e9s\u00e9rt|Massz\u00edv \u00e9s stabil kialak\u00edt\u00e1s|Modern feh\u00e9r fel\u00fclet, amely b\u00e1rmilyen berendez\u00e9shez illeszkedik|Anyag: magas min\u0151s\u00e9g\u0171 PP, ABS kerekek|M\u00e9ret: 37,5 x 15 x 78 cm|S\u00faly: 1,75 kg|Szintek: 5 t\u00e1rol\u00f3szint|Kerekek: 4 z\u00e1rhat\u00f3 univerz\u00e1lis ker\u00e9k|Sz\u00edn: tiszta feh\u00e9r|Tartalma: 1x mozgathat\u00f3 k\u00f6nyvespolc, 4x ker\u00e9k<\/p>\n","protected":false},"featured_media":105317,"template":"","meta":[],"product_cat":[17,16],"product_tag":[1491,1538],"acf":[],"_links":{"self":[{"href":"https:\/\/smania.store\/hu\/wp-json\/wp\/v2\/product\/105329"}],"collection":[{"href":"https:\/\/smania.store\/hu\/wp-json\/wp\/v2\/product"}],"about":[{"href":"https:\/\/smania.store\/hu\/wp-json\/wp\/v2\/types\/product"}],"wp:featuredmedia":[{"embeddable":true,"href":"https:\/\/smania.store\/hu\/wp-json\/wp\/v2\/media\/105317"}],"wp:attachment":[{"href":"https:\/\/smania.store\/hu\/wp-json\/wp\/v2\/media?parent=105329"}],"wp:term":[{"taxonomy":"product_cat","embeddable":true,"href":"https:\/\/smania.store\/hu\/wp-json\/wp\/v2\/product_cat?post=105329"},{"taxonomy":"product_tag","embeddable":true,"href":"https:\/\/smania.store\/hu\/wp-json\/wp\/v2\/product_tag?post=105329"}],"curies":[{"name":"wp","href":"https:\/\/api.w.org\/{rel}","templated":true}]}}

BookCart™ ötszintes guruló könyvespolc

<div class="smania_landing_description_title">ÚJ: Könnyedén rendszerezze éleléskamráját</div>
<div class="smania_landing_description_txt">MOBIL TÁROLÁS, OKOS RENDSZEREZÉS!</div>
<div class="smania_landing_description_subtitle"> Egy vékony, ötszintes, gurulós könyvtároló állvány kétoldalas tárolóval és zárható kerekekkel a hatékony munkaterület-rendszerezéshez. </div>
<div class="smania_landing_description_list">
<ul>
<li>Kétoldali polcok a maximális tárhelyért</li>
<li>360°-ban zárható kerekek a könnyű mozgathatóságért</li>
<li>5 polcos tárolókapacitás könyvek és iratok számára</li>
<li>Felső tálca tollak és kisebb eszközök számára</li>
<li>Megvastagított anyag a stabil alátámasztásért</li>
<li>Keskeny kialakítás, amely szűk helyekre is befér</li>
</ul></div>

<p>Üreges kialakítás a megfelelő szellőzésért|Biztonságos, sorjamentes, lekerekített élek|Ideális otthoni, irodai vagy iskolai használatra|Szerszámmentes, 4 lépéses gyors összeszerelés|Fékezhető kerekek a stabil elhelyezésért|Masszív és stabil kialakítás|Modern fehér felület, amely bármilyen berendezéshez illeszkedik|Anyag: magas minőségű PP, ABS kerekek|Méret: 37,5 x 15 x 78 cm|Súly: 1,75 kg|Szintek: 5 tárolószint|Kerekek: 4 zárható univerzális kerék|Szín: tiszta fehér|Tartalma: 1x mozgatható könyvespolc, 4x kerék</p>
