{"id":105316,"date":"2026-08-21T07:04:04","date_gmt":"2026-08-21T05:04:04","guid":{"rendered":"https:\/\/smania.store\/hu\/termek\/sensorystep-led-erzekszervi-lepokovek\/"},"modified":"2026-08-26T11:53:53","modified_gmt":"2026-08-26T09:53:53","slug":"sensorystep-led-erzekszervi-lepokovek","status":"publish","type":"product","link":"https:\/\/smania.store\/hu\/termek\/sensorystep-led-erzekszervi-lepokovek\/","title":{"rendered":"SensoryStep\u2122 LED \u00e9rz\u00e9kszervi l\u00e9p\u0151k\u00f6vek"},"content":{"rendered":"<div class=\"smania_landing_description_title\">\u00daJ: K\u00f6nnyed\u00e9n rendszerezze kamr\u00e1j\u00e1t<\/div>\n<div class=\"smania_landing_description_txt\">L\u00c9PJ, L\u00c9GY K\u00d6NNYED, \u00c9S J\u00c1TSSZ HARM\u00d3NI\u00c1BAN!<\/div>\n<div class=\"smania_landing_description_subtitle\"> Egy interakt\u00edv, h\u00f3pehely t\u00e9m\u00e1j\u00fa l\u00e9p\u0151k\u00f6v-k\u00e9szlet, be\u00e9p\u00edtett f\u00e9ny- \u00e9s zenei effektekkel ell\u00e1tva, a gyermekek egyens\u00faly\u00e1nak \u00e9s koordin\u00e1ci\u00f3j\u00e1nak fejleszt\u00e9s\u00e9re. <\/div>\n<div class=\"smania_landing_description_list\">\n<ul>\n<li>Interakt\u00edv f\u00e9nyek \u00e9s zene minden l\u00e9p\u00e9sn\u00e9l<\/li>\n<li>Jav\u00edtja az egyens\u00falyt, a koordin\u00e1ci\u00f3t \u00e9s a fizikai motoros k\u00e9szs\u00e9geket<\/li>\n<li>Cs\u00fasz\u00e1smentes gumitalpak a biztons\u00e1gos belt\u00e9ri\/k\u00fclt\u00e9ri j\u00e1t\u00e9khoz<\/li>\n<li>Tart\u00f3s kialak\u00edt\u00e1s, ak\u00e1r 75 kg-ig terhelhet\u0151<\/li>\n<li>K\u00f6nnyen egym\u00e1sra rakhat\u00f3, helytakar\u00e9kos t\u00e1rol\u00e1s a gyermekszob\u00e1ban vagy otthon<\/li>\n<li>\u00c9l\u00e9nk sz\u00ednek fokozz\u00e1k a vizu\u00e1lis \u00e9s \u00e9rz\u00e9kszervi \u00e9szlel\u00e9st<\/li>\n<\/ul><\/div>\n","protected":false},"excerpt":{"rendered":"<p>K\u00e9tszekci\u00f3s kapcsol\u00f3 f\u00e9ny- \u00e9s zenevez\u00e9rl\u00e9shez|Nagym\u00e9ret\u0171 forg\u00f3ker\u00e9kkel az akt\u00edv j\u00e1t\u00e9kokhoz|H\u00f3pehely mint\u00e1zat\u00fa fel\u00fclet a jobb l\u00e1btapad\u00e1s\u00e9rt|Kiv\u00e1l\u00f3 min\u0151s\u00e9g\u0171, nem m\u00e9rgez\u0151 \u00e9s biztons\u00e1gos m\u0171anyag|Alkalmas padl\u00f3n, f\u00fcves ter\u00fcleten \u00e9s k\u00fclt\u00e9ri helysz\u00edneken|Ide\u00e1lis sz\u00fcl\u0151-gyermek interakci\u00f3hoz \u00e9s csoportos j\u00e1t\u00e9khoz|M\u00e9retek (l\u00e9p\u0151k\u0151): 31 x 31 x 6,5 cm|Max. terhelhet\u0151s\u00e9g: 75 kg|T\u00e1pell\u00e1t\u00e1s: 15x AA elem (l\u00e9peget\u0151k\u00f6venk\u00e9nt 3 elem; a csomag nem tartalmazza)|Anyag: kiv\u00e1l\u00f3 min\u0151s\u00e9g\u0171, tart\u00f3s m\u0171anyag (PP)|Tartoz\u00e9k: 5 db l\u00e9p\u0151k\u0151, 1 db forg\u00f3ker\u00e9k|3 \u00e9ves kor alatti gyermekek sz\u00e1m\u00e1ra nem aj\u00e1nlott<\/p>\n","protected":false},"featured_media":105306,"template":"","meta":[],"product_cat":[17],"product_tag":[1535],"acf":[],"_links":{"self":[{"href":"https:\/\/smania.store\/hu\/wp-json\/wp\/v2\/product\/105316"}],"collection":[{"href":"https:\/\/smania.store\/hu\/wp-json\/wp\/v2\/product"}],"about":[{"href":"https:\/\/smania.store\/hu\/wp-json\/wp\/v2\/types\/product"}],"wp:featuredmedia":[{"embeddable":true,"href":"https:\/\/smania.store\/hu\/wp-json\/wp\/v2\/media\/105306"}],"wp:attachment":[{"href":"https:\/\/smania.store\/hu\/wp-json\/wp\/v2\/media?parent=105316"}],"wp:term":[{"taxonomy":"product_cat","embeddable":true,"href":"https:\/\/smania.store\/hu\/wp-json\/wp\/v2\/product_cat?post=105316"},{"taxonomy":"product_tag","embeddable":true,"href":"https:\/\/smania.store\/hu\/wp-json\/wp\/v2\/product_tag?post=105316"}],"curies":[{"name":"wp","href":"https:\/\/api.w.org\/{rel}","templated":true}]}}

SensoryStep™ LED érzékszervi lépőkövek

<div class="smania_landing_description_title">ÚJ: Könnyedén rendszerezze kamráját</div>
<div class="smania_landing_description_txt">LÉPJ, LÉGY KÖNNYED, ÉS JÁTSSZ HARMÓNIÁBAN!</div>
<div class="smania_landing_description_subtitle"> Egy interaktív, hópehely témájú lépőköv-készlet, beépített fény- és zenei effektekkel ellátva, a gyermekek egyensúlyának és koordinációjának fejlesztésére. </div>
<div class="smania_landing_description_list">
<ul>
<li>Interaktív fények és zene minden lépésnél</li>
<li>Javítja az egyensúlyt, a koordinációt és a fizikai motoros készségeket</li>
<li>Csúszásmentes gumitalpak a biztonságos beltéri/kültéri játékhoz</li>
<li>Tartós kialakítás, akár 75 kg-ig terhelhető</li>
<li>Könnyen egymásra rakható, helytakarékos tárolás a gyermekszobában vagy otthon</li>
<li>Élénk színek fokozzák a vizuális és érzékszervi észlelést</li>
</ul></div>

<p>Kétszekciós kapcsoló fény- és zenevezérléshez|Nagyméretű forgókerékkel az aktív játékokhoz|Hópehely mintázatú felület a jobb lábtapadásért|Kiváló minőségű, nem mérgező és biztonságos műanyag|Alkalmas padlón, füves területen és kültéri helyszíneken|Ideális szülő-gyermek interakcióhoz és csoportos játékhoz|Méretek (lépőkő): 31 x 31 x 6,5 cm|Max. terhelhetőség: 75 kg|Tápellátás: 15x AA elem (lépegetőkövenként 3 elem; a csomag nem tartalmazza)|Anyag: kiváló minőségű, tartós műanyag (PP)|Tartozék: 5 db lépőkő, 1 db forgókerék|3 éves kor alatti gyermekek számára nem ajánlott</p>
