{"id":105144,"date":"2026-08-17T06:40:34","date_gmt":"2026-08-17T04:40:34","guid":{"rendered":"https:\/\/smania.store\/hu\/termek\/pawclimb-osszecsukhato-allithato-kutyarampa\/"},"modified":"2026-08-27T23:06:31","modified_gmt":"2026-08-27T21:06:31","slug":"pawclimb-osszecsukhato-allithato-kutyarampa","status":"publish","type":"product","link":"https:\/\/smania.store\/hu\/termek\/pawclimb-osszecsukhato-allithato-kutyarampa\/","title":{"rendered":"PawClimb\u2122 \u00f6sszecsukhat\u00f3, \u00e1ll\u00edthat\u00f3 kutyar\u00e1mpa"},"content":{"rendered":"<div class=\"smania_landing_description_title\">\u00daJ: Hordozhat\u00f3 r\u00e1mpa a k\u00f6nny\u0171 hozz\u00e1f\u00e9r\u00e9s\u00e9rt<\/div>\n<div class=\"smania_landing_description_txt\">Meger\u0151s\u00edtett fokok, biztons\u00e1gos feljut\u00e1s!<\/div>\n<div class=\"smania_landing_description_subtitle\">Hordozhat\u00f3, 4 magass\u00e1gi fokozatban \u00e1ll\u00edthat\u00f3 f\u00e1b\u00f3l k\u00e9sz\u00fclt kis\u00e1llat-r\u00e1mpa cs\u00fasz\u00e1sg\u00e1tl\u00f3 sz\u0151nyeggel \u00e9s meger\u0151s\u00edtett stabilit\u00e1ssal kistest\u0171 kuty\u00e1k \u00e9s macsk\u00e1k sz\u00e1m\u00e1ra.<\/div>\n<div class=\"smania_landing_description_list\">\n<ul>\n<li>Ngy \u00e1ll\u00edthat\u00f3 magass\u00e1g b\u00e1rmilyen b\u00fatorhoz<\/li>\n<li>Az extra sz\u00e9les kialak\u00edt\u00e1s megakad\u00e1lyozza a felborul\u00e1st<\/li>\n<li>\u00d6sszecsukhat\u00f3 v\u00e1z a k\u00f6nny\u0171 otthoni t\u00e1rol\u00e1s \u00e9rdek\u00e9ben<\/li>\n<li>Oldals\u00f3 foganty\u00fak az egyszer\u0171 hordozhat\u00f3s\u00e1g\u00e9rt<\/li>\n<li>Cs\u00fasz\u00e1sg\u00e1tl\u00f3 sz\u0151nyeg 5 biztons\u00e1gi keresztl\u00e9ccel<\/li>\n<li>K\u00f6nny\u0171 fa szerkezet, amely \u00f3vja a kanap\u00e9j\u00e1t<\/li>\n<\/ul><\/div>\n","protected":false},"excerpt":{"rendered":"<p>Meger\u0151s\u00edtett csatlakoz\u00e1sok a maxim\u00e1lis stabilit\u00e1s\u00e9rt|Kop\u00e1s\u00e1ll\u00f3 sz\u00f6vet, amely kiv\u00e1l\u00f3 tapad\u00e1st biztos\u00edt|T\u00f6k\u00e9letesen elf\u00e9r az \u00e1gy vagy a kanap\u00e9 alatt|Ide\u00e1lis ahhoz, hogy a kedvencek biztons\u00e1gosan besz\u00e1llhassanak az aut\u00f3ba|Tart\u00f3s, strapab\u00edr\u00f3 faszerkezet|Sima fel\u00fcletkezel\u00e9s, amely nem karcolja meg a padl\u00f3t|\u00c1ll\u00edthat\u00f3 magass\u00e1gok: 20 cm, 35 cm, 40 cm, 45 cm|Teherb\u00edr\u00e1s: 15 kg|\u00d6sszecsukott m\u00e9ret: 40 x 30 x 12 cm|S\u00faly: 2,4 kg|Anyag: feny\u0151fa, poli\u00e9szter|Biztons\u00e1g: 5 be\u00e9p\u00edtett keresztl\u00e9c a jobb tapad\u00e1s\u00e9rt<\/p>\n","protected":false},"featured_media":105134,"template":"","meta":[],"product_cat":[20],"product_tag":[],"acf":[],"_links":{"self":[{"href":"https:\/\/smania.store\/hu\/wp-json\/wp\/v2\/product\/105144"}],"collection":[{"href":"https:\/\/smania.store\/hu\/wp-json\/wp\/v2\/product"}],"about":[{"href":"https:\/\/smania.store\/hu\/wp-json\/wp\/v2\/types\/product"}],"wp:featuredmedia":[{"embeddable":true,"href":"https:\/\/smania.store\/hu\/wp-json\/wp\/v2\/media\/105134"}],"wp:attachment":[{"href":"https:\/\/smania.store\/hu\/wp-json\/wp\/v2\/media?parent=105144"}],"wp:term":[{"taxonomy":"product_cat","embeddable":true,"href":"https:\/\/smania.store\/hu\/wp-json\/wp\/v2\/product_cat?post=105144"},{"taxonomy":"product_tag","embeddable":true,"href":"https:\/\/smania.store\/hu\/wp-json\/wp\/v2\/product_tag?post=105144"}],"curies":[{"name":"wp","href":"https:\/\/api.w.org\/{rel}","templated":true}]}}

PawClimb™ összecsukható, állítható kutyarámpa

<div class="smania_landing_description_title">ÚJ: Hordozható rámpa a könnyű hozzáférésért</div>
<div class="smania_landing_description_txt">Megerősített fokok, biztonságos feljutás!</div>
<div class="smania_landing_description_subtitle">Hordozható, 4 magassági fokozatban állítható fából készült kisállat-rámpa csúszásgátló szőnyeggel és megerősített stabilitással kistestű kutyák és macskák számára.</div>
<div class="smania_landing_description_list">
<ul>
<li>Ngy állítható magasság bármilyen bútorhoz</li>
<li>Az extra széles kialakítás megakadályozza a felborulást</li>
<li>Összecsukható váz a könnyű otthoni tárolás érdekében</li>
<li>Oldalsó fogantyúk az egyszerű hordozhatóságért</li>
<li>Csúszásgátló szőnyeg 5 biztonsági keresztléccel</li>
<li>Könnyű fa szerkezet, amely óvja a kanapéját</li>
</ul></div>

<p>Megerősített csatlakozások a maximális stabilitásért|Kopásálló szövet, amely kiváló tapadást biztosít|Tökéletesen elfér az ágy vagy a kanapé alatt|Ideális ahhoz, hogy a kedvencek biztonságosan beszállhassanak az autóba|Tartós, strapabíró faszerkezet|Sima felületkezelés, amely nem karcolja meg a padlót|Állítható magasságok: 20 cm, 35 cm, 40 cm, 45 cm|Teherbírás: 15 kg|Összecsukott méret: 40 x 30 x 12 cm|Súly: 2,4 kg|Anyag: fenyőfa, poliészter|Biztonság: 5 beépített keresztléc a jobb tapadásért</p>
