{"id":104142,"date":"2026-07-21T13:20:23","date_gmt":"2026-07-21T11:20:23","guid":{"rendered":"https:\/\/smania.store\/hu\/termek\/floatshelf-falra-szerelheto-titkos-rekeszes-polc-53-x-175-x-5-cm\/"},"modified":"2026-08-29T17:24:48","modified_gmt":"2026-08-29T15:24:48","slug":"floatshelf-falra-szerelheto-titkos-rekeszes-polc-53-x-175-x-5-cm","status":"publish","type":"product","link":"https:\/\/smania.store\/hu\/termek\/floatshelf-falra-szerelheto-titkos-rekeszes-polc-53-x-175-x-5-cm\/","title":{"rendered":"FloatShelf\u2122 falra szerelhet\u0151 titkos rekeszes polc (53 x 17,5 x 5 cm)"},"content":{"rendered":"<div class=\"smania_landing_description_title\">\u00daJ: A biztons\u00e1g \u00e9s a st\u00edlus tal\u00e1lkoz\u00e1sa<\/div>\n<div class=\"smania_landing_description_txt\">Rejtett biztons\u00e1g, st\u00edlusos diz\u00e1jn!<\/div>\n<div class=\"smania_landing_description_subtitle\">Modern lebeg\u0151 polc rejtett rekesszel, amely egy egyszer\u0171 nyom\u00e1ssal ny\u00edlik a diszkr\u00e9t \u00e9s biztons\u00e1gos t\u00e1rol\u00e1s \u00e9rdek\u00e9ben.<\/div>\n<div class=\"smania_landing_description_list\">\n<ul>\n<li>T\u00f6k\u00e9letes rejtekhely az \u00e9rt\u00e9kt\u00e1rgyak \u00e9s l\u0151fegyverek sz\u00e1m\u00e1ra<\/li>\n<li>Pont \u00fagy n\u00e9z ki, mint b\u00e1rmelyik m\u00e1sik modern lebeg\u0151 polc<\/li>\n<li>Azonnali hozz\u00e1f\u00e9r\u00e9s a nyom\u00e1sra ny\u00edl\u00f3 mechanizmusnak k\u00f6sz\u00f6nhet\u0151en<\/li>\n<li>Biztons\u00e1gosan t\u00e1vol tartja a t\u00e1rgyakat a gyermekekt\u0151l<\/li>\n<li>K\u00f6nnyen felszerelhet\u0151 h\u00e1l\u00f3szob\u00e1kban, nappalikban vagy irod\u00e1kban<\/li>\n<li>Csendes nyit\u00e1s a sim\u00e1n cs\u00fasz\u00f3 mechanizmusnak k\u00f6sz\u00f6nhet\u0151en<\/li>\n<\/ul><\/div>\n","protected":false},"excerpt":{"rendered":"<p>Egyszer\u0171 felszerel\u00e9s mind\u00f6ssze n\u00e9h\u00e1ny perc alatt|Nyom\u00e1sra aktiv\u00e1l\u00f3d\u00f3 nyit\u00e1s a gyors, kulcs n\u00e9lk\u00fcli hozz\u00e1f\u00e9r\u00e9s\u00e9rt|T\u00f6k\u00e9letes a diszkr\u00e9t t\u00e1rol\u00e1shoz \u00e9s rendszerez\u00e9shez|A tart\u00f3s kialak\u00edt\u00e1s biztons\u00e1gban tartja \u00e9rt\u00e9kt\u00e1rgyait|Pont \u00fagy n\u00e9z ki, mint b\u00e1rmelyik m\u00e1sik polc|M\u00e9retek: 53 x 17,5 x 5 cm|S\u00faly: 1,2 kg|Teherb\u00edr\u00e1s: 5 kg|Anyag: pr\u00e9mium feny\u0151fa|3 sz\u00ednv\u00e1ltozat: barna, feh\u00e9r, fekete<\/p>\n","protected":false},"featured_media":104133,"template":"","meta":[],"product_cat":[16],"product_tag":[1555,1538],"acf":[],"_links":{"self":[{"href":"https:\/\/smania.store\/hu\/wp-json\/wp\/v2\/product\/104142"}],"collection":[{"href":"https:\/\/smania.store\/hu\/wp-json\/wp\/v2\/product"}],"about":[{"href":"https:\/\/smania.store\/hu\/wp-json\/wp\/v2\/types\/product"}],"wp:featuredmedia":[{"embeddable":true,"href":"https:\/\/smania.store\/hu\/wp-json\/wp\/v2\/media\/104133"}],"wp:attachment":[{"href":"https:\/\/smania.store\/hu\/wp-json\/wp\/v2\/media?parent=104142"}],"wp:term":[{"taxonomy":"product_cat","embeddable":true,"href":"https:\/\/smania.store\/hu\/wp-json\/wp\/v2\/product_cat?post=104142"},{"taxonomy":"product_tag","embeddable":true,"href":"https:\/\/smania.store\/hu\/wp-json\/wp\/v2\/product_tag?post=104142"}],"curies":[{"name":"wp","href":"https:\/\/api.w.org\/{rel}","templated":true}]}}

FloatShelf™ falra szerelhető titkos rekeszes polc (53 x 17,5 x 5 cm)

<div class="smania_landing_description_title">ÚJ: A biztonság és a stílus találkozása</div>
<div class="smania_landing_description_txt">Rejtett biztonság, stílusos dizájn!</div>
<div class="smania_landing_description_subtitle">Modern lebegő polc rejtett rekesszel, amely egy egyszerű nyomással nyílik a diszkrét és biztonságos tárolás érdekében.</div>
<div class="smania_landing_description_list">
<ul>
<li>Tökéletes rejtekhely az értéktárgyak és lőfegyverek számára</li>
<li>Pont úgy néz ki, mint bármelyik másik modern lebegő polc</li>
<li>Azonnali hozzáférés a nyomásra nyíló mechanizmusnak köszönhetően</li>
<li>Biztonságosan távol tartja a tárgyakat a gyermekektől</li>
<li>Könnyen felszerelhető hálószobákban, nappalikban vagy irodákban</li>
<li>Csendes nyitás a simán csúszó mechanizmusnak köszönhetően</li>
</ul></div>

<p>Egyszerű felszerelés mindössze néhány perc alatt|Nyomásra aktiválódó nyitás a gyors, kulcs nélküli hozzáférésért|Tökéletes a diszkrét tároláshoz és rendszerezéshez|A tartós kialakítás biztonságban tartja értéktárgyait|Pont úgy néz ki, mint bármelyik másik polc|Méretek: 53 x 17,5 x 5 cm|Súly: 1,2 kg|Teherbírás: 5 kg|Anyag: prémium fenyőfa|3 színváltozat: barna, fehér, fekete</p>
