{"id":103758,"date":"2026-07-15T10:08:22","date_gmt":"2026-07-15T08:08:22","guid":{"rendered":"https:\/\/smania.store\/hu\/termek\/chopstar-bambusz-vagodeszka-fiokokkal\/"},"modified":"2026-08-30T18:21:41","modified_gmt":"2026-08-30T16:21:41","slug":"chopstar-bambusz-vagodeszka-fiokokkal","status":"publish","type":"product","link":"https:\/\/smania.store\/hu\/termek\/chopstar-bambusz-vagodeszka-fiokokkal\/","title":{"rendered":"ChopStar\u2122 bambusz v\u00e1g\u00f3deszka fi\u00f3kokkal"},"content":{"rendered":"<div class=\"smania_landing_description_title\">\u00daJ, emelje a dining \u00e9lm\u00e9nyt!<\/div>\n<div class=\"smania_landing_description_txt\">Emeld a felk\u00e9sz\u00fcl\u00e9sed, egyszer\u0171s\u00edtsd a takar\u00edt\u00e1st!<\/div>\n<div class=\"smania_landing_description_subtitle\">Fenntarthat\u00f3, organikus bambusz v\u00e1g\u00f3deszka be\u00e9p\u00edtett rozsdamentes ac\u00e9l t\u00e1llal, amely hat\u00e9kony \u00e9tkez\u00e9s el\u0151k\u00e9sz\u00edt\u00e9st \u00e9s st\u00edlusos t\u00e1lal\u00e1st biztos\u00edt.<\/div>\n<div class=\"smania_landing_description_list\">\n<ul>\n<li>Elt\u00e1vol\u00edthat\u00f3 ac\u00e9l t\u00e1lca a gyors el\u0151k\u00e9sz\u00edt\u00e9shez<\/li>\n<li>L\u00e9gy\u0171jt\u0151 a munkafel\u00fcletek tiszt\u00e1n tart\u00e1s\u00e1\u00e9rt<\/li>\n<li>Cs\u00fasz\u00e1smentes l\u00e1bak a maxim\u00e1lis stabilit\u00e1s\u00e9rt<\/li>\n<li>Term\u00e9szetes eszt\u00e9tika, amely b\u00e1rmely konyh\u00e1ba illik<\/li>\n<li>Fenntarthat\u00f3, organikus bambusz a tart\u00f3ss\u00e1g \u00e9rdek\u00e9ben<\/li>\n<\/ul><\/div>\n","protected":false},"excerpt":{"rendered":"<p>T\u00f6bbfunkci\u00f3s: t\u00e1lc\u00e1k, t\u00e1ny\u00e9rok vagy platnik|Nagy, 39,5 x 28 cm-es fel\u00fclet|Mosogat\u00f3g\u00e9pben moshat\u00f3 rozsdamentes ac\u00e9l t\u00e1lca|K\u00e9sekkelbar\u00e1t bambusz fel\u00fclet|Be\u00e9p\u00edtett foganty\u00fa az egyszer\u0171 t\u00e1lal\u00e1s \u00e9rdek\u00e9ben|2 fa fed\u00e9l tartozik hozz\u00e1, hogy lez\u00e1rja a t\u00e1lc\u00e1kat \u00fatk\u00f6zbeni \u00e9tkez\u00e9sekhez|M\u00e9retek: 39,5 x 28 x 8 cm|S\u00faly: 2,5 kg|Anyaga: bambuszfa \u00e9s rozsdamentes ac\u00e9l|\u00c1pol\u00e1s: a t\u00e1lc\u00e1k mosogat\u00f3g\u00e9pben moshat\u00f3k; a deszka k\u00e9zzel mosand\u00f3|Sz\u00edn: term\u00e9szetes bambusz|Mell\u00e9kelt alkatr\u00e9szek: v\u00e1g\u00f3deszka, 2 t\u00e1lca, 2 bambusz fed\u00e9l<\/p>\n","protected":false},"featured_media":103747,"template":"","meta":[],"product_cat":[223],"product_tag":[1496],"acf":[],"_links":{"self":[{"href":"https:\/\/smania.store\/hu\/wp-json\/wp\/v2\/product\/103758"}],"collection":[{"href":"https:\/\/smania.store\/hu\/wp-json\/wp\/v2\/product"}],"about":[{"href":"https:\/\/smania.store\/hu\/wp-json\/wp\/v2\/types\/product"}],"wp:featuredmedia":[{"embeddable":true,"href":"https:\/\/smania.store\/hu\/wp-json\/wp\/v2\/media\/103747"}],"wp:attachment":[{"href":"https:\/\/smania.store\/hu\/wp-json\/wp\/v2\/media?parent=103758"}],"wp:term":[{"taxonomy":"product_cat","embeddable":true,"href":"https:\/\/smania.store\/hu\/wp-json\/wp\/v2\/product_cat?post=103758"},{"taxonomy":"product_tag","embeddable":true,"href":"https:\/\/smania.store\/hu\/wp-json\/wp\/v2\/product_tag?post=103758"}],"curies":[{"name":"wp","href":"https:\/\/api.w.org\/{rel}","templated":true}]}}

ChopStar™ bambusz vágódeszka fiókokkal

<div class="smania_landing_description_title">ÚJ, emelje a dining élményt!</div>
<div class="smania_landing_description_txt">Emeld a felkészülésed, egyszerűsítsd a takarítást!</div>
<div class="smania_landing_description_subtitle">Fenntartható, organikus bambusz vágódeszka beépített rozsdamentes acél tállal, amely hatékony étkezés előkészítést és stílusos tálalást biztosít.</div>
<div class="smania_landing_description_list">
<ul>
<li>Eltávolítható acél tálca a gyors előkészítéshez</li>
<li>Légyűjtő a munkafelületek tisztán tartásáért</li>
<li>Csúszásmentes lábak a maximális stabilitásért</li>
<li>Természetes esztétika, amely bármely konyhába illik</li>
<li>Fenntartható, organikus bambusz a tartósság érdekében</li>
</ul></div>

<p>Többfunkciós: tálcák, tányérok vagy platnik|Nagy, 39,5 x 28 cm-es felület|Mosogatógépben mosható rozsdamentes acél tálca|Késekkelbarát bambusz felület|Beépített fogantyú az egyszerű tálalás érdekében|2 fa fedél tartozik hozzá, hogy lezárja a tálcákat útközbeni étkezésekhez|Méretek: 39,5 x 28 x 8 cm|Súly: 2,5 kg|Anyaga: bambuszfa és rozsdamentes acél|Ápolás: a tálcák mosogatógépben moshatók; a deszka kézzel mosandó|Szín: természetes bambusz|Mellékelt alkatrészek: vágódeszka, 2 tálca, 2 bambusz fedél</p>
