{"id":103647,"date":"2026-07-14T08:50:56","date_gmt":"2026-07-14T06:50:56","guid":{"rendered":"https:\/\/smania.store\/hu\/termek\/ankleforge-allithato-dolt-edzotabla\/"},"modified":"2026-08-26T10:52:47","modified_gmt":"2026-08-26T08:52:47","slug":"ankleforge-allithato-dolt-edzotabla","status":"publish","type":"product","link":"https:\/\/smania.store\/hu\/termek\/ankleforge-allithato-dolt-edzotabla\/","title":{"rendered":"AnkleForge\u2122 \u00e1ll\u00edthat\u00f3 d\u0151lt edz\u0151t\u00e1bla"},"content":{"rendered":"<div class=\"smania_landing_description_title\">\u00daJ: N\u00f6velje a Rugalmass\u00e1got Naponta<\/div>\n<div class=\"smania_landing_description_txt\">Fokozd a regener\u00e1l\u00f3d\u00e1sodat \u00e9s er\u0151det professzion\u00e1lis szint\u0171 ny\u00fajt\u00e1ssal!<\/div>\n<div class=\"smania_landing_description_subtitle\"> Fejleszd a napi ny\u00fajt\u00e1si \u00e9s fitnesz rutinodat ezzel a hordozhat\u00f3 fa d\u0151lt deszk\u00e1val, amelyet a s\u00e9r\u00fcl\u00e9sek megel\u0151z\u00e9s\u00e9re, a regener\u00e1l\u00f3d\u00e1sra \u00e9s a t\u00f6rzs stabilit\u00e1s\u00e1nak jav\u00edt\u00e1s\u00e1ra terveztek.<\/div>\n<div class=\"smania_landing_description_list\">\n<ul>\n<li>Gyorsabb fel\u00e9p\u00fcl\u00e9s a talpi fasciitisb\u0151l <\/li>\n<li>Jobb mozg\u00e9konys\u00e1g minden fitnesz szinten <\/li>\n<li>Enyh\u00edti a v\u00e1dli \u00e9s boka f\u00e1jdalm\u00e1t <\/li>\n<li>N\u00f6veli a t\u00f6rzs erej\u00e9t \u00e9s agilit\u00e1s\u00e1t <\/li>\n<li>Jav\u00edtja a testtart\u00e1st \u00e9s az \u00edz\u00fcletek eg\u00e9szs\u00e9g\u00e9t<\/li>\n<\/ul><\/div>\n","protected":false},"excerpt":{"rendered":"<p>5 \u00e1ll\u00edthat\u00f3 d\u0151l\u00e9ssz\u00f6g |10 r\u00e9teg\u0171 pr\u00e9mium pr\u00e9selt fa |Magas s\u00farl\u00f3d\u00e1s\u00fa cs\u00fasz\u00e1sg\u00e1tl\u00f3 fel\u00fclet |Be\u00e9p\u00edtett foganty\u00fa a k\u00f6nny\u0171 sz\u00e1ll\u00edt\u00e1shoz |Maxim\u00e1lis terhelhet\u0151s\u00e9g: 205 kg|Anyag: 10 r\u00e9teg\u0171 pr\u00e9selt pr\u00e9mium fa |Teherb\u00edr\u00e1s: 205 kg |\u00c1ll\u00edthat\u00f3s\u00e1g: 5 k\u00fcl\u00f6nb\u00f6z\u0151 d\u0151l\u00e9ssz\u00f6g |S\u00faly: 2,2 kg |M\u00e9retek: 40 x 30 x 3,5 cm<\/p>\n","protected":false},"featured_media":105547,"template":"","meta":[],"product_cat":[21],"product_tag":[1511],"acf":[],"_links":{"self":[{"href":"https:\/\/smania.store\/hu\/wp-json\/wp\/v2\/product\/103647"}],"collection":[{"href":"https:\/\/smania.store\/hu\/wp-json\/wp\/v2\/product"}],"about":[{"href":"https:\/\/smania.store\/hu\/wp-json\/wp\/v2\/types\/product"}],"wp:featuredmedia":[{"embeddable":true,"href":"https:\/\/smania.store\/hu\/wp-json\/wp\/v2\/media\/105547"}],"wp:attachment":[{"href":"https:\/\/smania.store\/hu\/wp-json\/wp\/v2\/media?parent=103647"}],"wp:term":[{"taxonomy":"product_cat","embeddable":true,"href":"https:\/\/smania.store\/hu\/wp-json\/wp\/v2\/product_cat?post=103647"},{"taxonomy":"product_tag","embeddable":true,"href":"https:\/\/smania.store\/hu\/wp-json\/wp\/v2\/product_tag?post=103647"}],"curies":[{"name":"wp","href":"https:\/\/api.w.org\/{rel}","templated":true}]}}

AnkleForge™ állítható dőlt edzőtábla

<div class="smania_landing_description_title">ÚJ: Növelje a Rugalmasságot Naponta</div>
<div class="smania_landing_description_txt">Fokozd a regenerálódásodat és erődet professzionális szintű nyújtással!</div>
<div class="smania_landing_description_subtitle"> Fejleszd a napi nyújtási és fitnesz rutinodat ezzel a hordozható fa dőlt deszkával, amelyet a sérülések megelőzésére, a regenerálódásra és a törzs stabilitásának javítására terveztek.</div>
<div class="smania_landing_description_list">
<ul>
<li>Gyorsabb felépülés a talpi fasciitisből </li>
<li>Jobb mozgékonyság minden fitnesz szinten </li>
<li>Enyhíti a vádli és boka fájdalmát </li>
<li>Növeli a törzs erejét és agilitását </li>
<li>Javítja a testtartást és az ízületek egészségét</li>
</ul></div>

<p>5 állítható dőlésszög |10 rétegű prémium préselt fa |Magas súrlódású csúszásgátló felület |Beépített fogantyú a könnyű szállításhoz |Maximális terhelhetőség: 205 kg|Anyag: 10 rétegű préselt prémium fa |Teherbírás: 205 kg |Állíthatóság: 5 különböző dőlésszög |Súly: 2,2 kg |Méretek: 40 x 30 x 3,5 cm</p>
