{"id":103134,"date":"2026-07-03T10:39:01","date_gmt":"2026-07-03T08:39:01","guid":{"rendered":"https:\/\/smania.store\/hu\/termek\/spreadflow-akkumulatoros-vetomag-es-soszoro\/"},"modified":"2026-08-24T08:38:48","modified_gmt":"2026-08-24T06:38:48","slug":"spreadflow-akkumulatoros-vetomag-es-soszoro","status":"publish","type":"product","link":"https:\/\/smania.store\/hu\/termek\/spreadflow-akkumulatoros-vetomag-es-soszoro\/","title":{"rendered":"SpreadFlow\u2122 akkumul\u00e1toros vet\u0151mag- \u00e9s s\u00f3sz\u00f3r\u00f3"},"content":{"rendered":"<div class=\"smania_landing_description_title\">\u00daJ: T\u00f6k\u00e9letes\u00edtse kertj\u00e9t er\u0151fesz\u00edt\u00e9sek n\u00e9lk\u00fcl<\/div>\n<div class=\"smania_landing_description_txt\">Ahol a precizit\u00e1s \u00e9s a teljes\u00edtm\u00e9ny tal\u00e1lkozik<\/div>\n<div class=\"smania_landing_description_subtitle\">Ismerje meg a SpreadFlow\u2122-t, a t\u00f6k\u00e9letes t\u00e1rsat \u00e1lmai leny\u0171g\u00f6z\u0151 kertj\u00e9nek el\u00e9r\u00e9s\u00e9hez. Ez az eszk\u00f6z forradalmas\u00edtja a vet\u0151magok \u00e9s m\u0171tr\u00e1gy\u00e1k kisz\u00f3r\u00e1s\u00e1t, egyenletes eloszl\u00e1st \u00e9s professzion\u00e1lis eredm\u00e9nyt biztos\u00edtva minden haszn\u00e1lat sor\u00e1n.<\/div>\n<div class=\"smania_landing_description_list\">\n<ul>\n<li>Akkumul\u00e1toros kialak\u00edt\u00e1s a korl\u00e1tlan mozg\u00e1sszabads\u00e1g\u00e9rt<\/li>\n<li>8 sz\u00f3r\u00e1si be\u00e1ll\u00edt\u00e1s a prec\u00edz kijuttat\u00e1shoz<\/li>\n<li>6 fokozat\u00fa sebess\u00e9gszab\u00e1lyoz\u00e1s a jobb ir\u00e1ny\u00edthat\u00f3s\u00e1g\u00e9rt<\/li>\n<li>Sz\u00e9lv\u00e9d\u0151 terel\u0151lap tartja tiszt\u00e1n a szeg\u00e9lyeket<\/li>\n<li>Ak\u00e1r 800 m\u00b2 lefedetts\u00e9g 5 m-es sz\u00f3r\u00e1si sz\u00e9less\u00e9ggel<\/li>\n<li>3,3 literes tart\u00e1lykapacit\u00e1s a kevesebb ut\u00e1nt\u00f6lt\u00e9s\u00e9rt<\/li>\n<\/ul><\/div>\n","protected":false},"excerpt":{"rendered":"<p>Eg\u00e9sz \u00e9vben, minden \u00e9vszakban haszn\u00e1lhat\u00f3|Er\u0151teljes motor a megszak\u00edt\u00e1s n\u00e9lk\u00fcli anyag\u00e1raml\u00e1s\u00e9rt|Prec\u00edz vet\u00e9shez \u00e9s m\u0171tr\u00e1gy\u00e1z\u00e1shoz|T\u00f6k\u00e9letes h\u00f3- \u00e9s s\u00f3sz\u00f3r\u00e1shoz is|Er\u0151teljes akkumul\u00e1tor a hosszan tart\u00f3 m\u0171k\u00f6d\u00e9s\u00e9rt|\u00c1ll\u00edthat\u00f3 sz\u00f3r\u00e1si \u00e9s sebess\u00e9gbe\u00e1ll\u00edt\u00e1sok|T\u00e1pell\u00e1t\u00e1s: 1500 mAh akkumul\u00e1tor (t\u00f6lt\u0151 mell\u00e9kelve)|Sz\u00f3r\u00e1si be\u00e1ll\u00edt\u00e1sok: 8 sz\u00f3r\u00e1si szint|Sebess\u00e9gbe\u00e1ll\u00edt\u00e1sok: 6 sebess\u00e9gfokozat|Kapacit\u00e1s &amp; lefedetts\u00e9g: 3,3 L-es tart\u00e1ly, ak\u00e1r 5 m sz\u00f3r\u00e1si sz\u00e9less\u00e9g, kb. 800 m\u00b2 lefedetts\u00e9g|Teljes\u00edtm\u00e9ny: 20 W|M\u00e9retek: 30 x 28,5 x 22 cm<\/p>\n","protected":false},"featured_media":105428,"template":"","meta":[],"product_cat":[16,222],"product_tag":[1791,1503],"acf":[],"_links":{"self":[{"href":"https:\/\/smania.store\/hu\/wp-json\/wp\/v2\/product\/103134"}],"collection":[{"href":"https:\/\/smania.store\/hu\/wp-json\/wp\/v2\/product"}],"about":[{"href":"https:\/\/smania.store\/hu\/wp-json\/wp\/v2\/types\/product"}],"wp:featuredmedia":[{"embeddable":true,"href":"https:\/\/smania.store\/hu\/wp-json\/wp\/v2\/media\/105428"}],"wp:attachment":[{"href":"https:\/\/smania.store\/hu\/wp-json\/wp\/v2\/media?parent=103134"}],"wp:term":[{"taxonomy":"product_cat","embeddable":true,"href":"https:\/\/smania.store\/hu\/wp-json\/wp\/v2\/product_cat?post=103134"},{"taxonomy":"product_tag","embeddable":true,"href":"https:\/\/smania.store\/hu\/wp-json\/wp\/v2\/product_tag?post=103134"}],"curies":[{"name":"wp","href":"https:\/\/api.w.org\/{rel}","templated":true}]}}

SpreadFlow™ akkumulátoros vetőmag- és sószóró

<div class="smania_landing_description_title">ÚJ: Tökéletesítse kertjét erőfeszítések nélkül</div>
<div class="smania_landing_description_txt">Ahol a precizitás és a teljesítmény találkozik</div>
<div class="smania_landing_description_subtitle">Ismerje meg a SpreadFlow™-t, a tökéletes társat álmai lenyűgöző kertjének eléréséhez. Ez az eszköz forradalmasítja a vetőmagok és műtrágyák kiszórását, egyenletes eloszlást és professzionális eredményt biztosítva minden használat során.</div>
<div class="smania_landing_description_list">
<ul>
<li>Akkumulátoros kialakítás a korlátlan mozgásszabadságért</li>
<li>8 szórási beállítás a precíz kijuttatáshoz</li>
<li>6 fokozatú sebességszabályozás a jobb irányíthatóságért</li>
<li>Szélvédő terelőlap tartja tisztán a szegélyeket</li>
<li>Akár 800 m² lefedettség 5 m-es szórási szélességgel</li>
<li>3,3 literes tartálykapacitás a kevesebb utántöltésért</li>
</ul></div>

<p>Egész évben, minden évszakban használható|Erőteljes motor a megszakítás nélküli anyagáramlásért|Precíz vetéshez és műtrágyázáshoz|Tökéletes hó- és sószóráshoz is|Erőteljes akkumulátor a hosszan tartó működésért|Állítható szórási és sebességbeállítások|Tápellátás: 1500 mAh akkumulátor (töltő mellékelve)|Szórási beállítások: 8 szórási szint|Sebességbeállítások: 6 sebességfokozat|Kapacitás &amp; lefedettség: 3,3 L-es tartály, akár 5 m szórási szélesség, kb. 800 m² lefedettség|Teljesítmény: 20 W|Méretek: 30 x 28,5 x 22 cm</p>
