{"id":101425,"date":"2026-06-04T13:20:36","date_gmt":"2026-06-04T11:20:36","guid":{"rendered":"https:\/\/smania.store\/hu\/termek\/gyerek-forgoszek-twisterseat\/"},"modified":"2026-08-30T18:09:22","modified_gmt":"2026-08-30T16:09:22","slug":"gyerek-forgoszek-twisterseat","status":"publish","type":"product","link":"https:\/\/smania.store\/hu\/termek\/gyerek-forgoszek-twisterseat\/","title":{"rendered":"Gyerek forg\u00f3sz\u00e9k TwisterSeat\u2122"},"content":{"rendered":"<div class=\"smania_landing_description_title\"> \u00daJ: Emelje magasabb szintre a sz\u00f3rakoz\u00e1st \u00e9s a koordin\u00e1ci\u00f3t <\/div>\n<div class=\"smania_landing_description_txt\"> Fejlessze gyermeke egyens\u00faly\u00e9rz\u00e9k\u00e9t \u00e9s hozzon \u00f6r\u00f6m\u00f6t az \u00e9let\u00e9be a szenzoros forg\u00e1ssal! <\/div>\n<div class=\"smania_landing_description_subtitle\"> Seg\u00edtsen gyermek\u00e9nek a koordin\u00e1ci\u00f3 \u00e9s a f\u00f3kusz fejleszt\u00e9s\u00e9ben ezzel a professzion\u00e1lis szenzoros forg\u00f3sz\u00e9kkel, amelyet a biztons\u00e1gos \u00e9s lebilincsel\u0151 ter\u00e1pi\u00e1s j\u00e1t\u00e9khoz terveztek. <\/div>\n<div class=\"smania_landing_description_list\">\n<ul>\n<li>Jav\u00edtja az egyens\u00falyt \u00e9s a testkoordin\u00e1ci\u00f3t az akt\u00edv j\u00e1t\u00e9kon kereszt\u00fcl<\/li>\n<li>T\u00e1mogatja az agy fejl\u0151d\u00e9s\u00e9t a nagy energiaszint\u0171, akt\u00edv tanul\u00f3kn\u00e1l<\/li>\n<li>Biztons\u00e1gos levezet\u00e9st biztos\u00edt a szenzoros ingereket keres\u0151 viselked\u00e9shez<\/li>\n<li>Fokozza a k\u00e9nyelmet a professzion\u00e1lis, ergonomikus kialak\u00edt\u00e1snak k\u00f6sz\u00f6nhet\u0151en<\/li>\n<li>Nagy teherb\u00edr\u00e1s\u00e1val garant\u00e1lja a hossz\u00fa t\u00e1v\u00fa haszn\u00e1latot<\/li>\n<\/ul><\/div>\n","protected":false},"excerpt":{"rendered":"<p>Stabil, f\u00e9m cs\u00fasz\u00e1sg\u00e1tl\u00f3 alap a maxim\u00e1lis biztons\u00e1g\u00e9rt|A nagy teherb\u00edr\u00e1s\u00fa szerkezet ak\u00e1r 80 kg-ot is elb\u00edr|A k\u00f6rnyezetbar\u00e1t PP anyag h\u0151- \u00e9s korr\u00f3zi\u00f3\u00e1ll\u00f3|Sima, 360 fokos forg\u00e1s a hat\u00e9kony szenzoros tr\u00e9ning\u00e9rt|A pol\u00edrozott, kerek forma t\u00f6k\u00e9letesen illik minden j\u00e1tsz\u00f3szob\u00e1ba|M\u00e9retek: 53 x 50 x 27 cm|Teherb\u00edr\u00e1s: 80 kg|Anyag: m\u0171anyag (PP) \u00e9s f\u00e9m|Sz\u00edn: k\u00e9k|3 \u00e9v alatti gyermekek sz\u00e1m\u00e1ra nem alkalmas<\/p>\n","protected":false},"featured_media":105443,"template":"","meta":[],"product_cat":[17,16],"product_tag":[1491,1535,1538],"acf":[],"_links":{"self":[{"href":"https:\/\/smania.store\/hu\/wp-json\/wp\/v2\/product\/101425"}],"collection":[{"href":"https:\/\/smania.store\/hu\/wp-json\/wp\/v2\/product"}],"about":[{"href":"https:\/\/smania.store\/hu\/wp-json\/wp\/v2\/types\/product"}],"wp:featuredmedia":[{"embeddable":true,"href":"https:\/\/smania.store\/hu\/wp-json\/wp\/v2\/media\/105443"}],"wp:attachment":[{"href":"https:\/\/smania.store\/hu\/wp-json\/wp\/v2\/media?parent=101425"}],"wp:term":[{"taxonomy":"product_cat","embeddable":true,"href":"https:\/\/smania.store\/hu\/wp-json\/wp\/v2\/product_cat?post=101425"},{"taxonomy":"product_tag","embeddable":true,"href":"https:\/\/smania.store\/hu\/wp-json\/wp\/v2\/product_tag?post=101425"}],"curies":[{"name":"wp","href":"https:\/\/api.w.org\/{rel}","templated":true}]}}

Gyerek forgószék TwisterSeat™

<div class="smania_landing_description_title"> ÚJ: Emelje magasabb szintre a szórakozást és a koordinációt </div>
<div class="smania_landing_description_txt"> Fejlessze gyermeke egyensúlyérzékét és hozzon örömöt az életébe a szenzoros forgással! </div>
<div class="smania_landing_description_subtitle"> Segítsen gyermekének a koordináció és a fókusz fejlesztésében ezzel a professzionális szenzoros forgószékkel, amelyet a biztonságos és lebilincselő terápiás játékhoz terveztek. </div>
<div class="smania_landing_description_list">
<ul>
<li>Javítja az egyensúlyt és a testkoordinációt az aktív játékon keresztül</li>
<li>Támogatja az agy fejlődését a nagy energiaszintű, aktív tanulóknál</li>
<li>Biztonságos levezetést biztosít a szenzoros ingereket kereső viselkedéshez</li>
<li>Fokozza a kényelmet a professzionális, ergonomikus kialakításnak köszönhetően</li>
<li>Nagy teherbírásával garantálja a hosszú távú használatot</li>
</ul></div>

<p>Stabil, fém csúszásgátló alap a maximális biztonságért|A nagy teherbírású szerkezet akár 80 kg-ot is elbír|A környezetbarát PP anyag hő- és korrózióálló|Sima, 360 fokos forgás a hatékony szenzoros tréningért|A polírozott, kerek forma tökéletesen illik minden játszószobába|Méretek: 53 x 50 x 27 cm|Teherbírás: 80 kg|Anyag: műanyag (PP) és fém|Szín: kék|3 év alatti gyermekek számára nem alkalmas</p>
