{"id":101349,"date":"2026-06-02T11:22:16","date_gmt":"2026-06-02T09:22:16","guid":{"rendered":"https:\/\/smania.store\/hu\/termek\/magnemine-magneses-aknamezo-tarsasjatek\/"},"modified":"2026-06-13T07:20:03","modified_gmt":"2026-06-13T05:20:03","slug":"magnemine-magneses-aknamezo-tarsasjatek","status":"publish","type":"product","link":"https:\/\/smania.store\/hu\/termek\/magnemine-magneses-aknamezo-tarsasjatek\/","title":{"rendered":"MagneMine\u2122 m\u00e1gneses aknamez\u0151 t\u00e1rsasj\u00e1t\u00e9k"},"content":{"rendered":"<div class=\"smania_landing_description_title\">\u00daJ: Izgalmas T\u00f6bbj\u00e1t\u00e9kos Sakk J\u00e1t\u00e9k<\/div>\n<div class=\"smania_landing_description_txt\">H\u00f3d\u00edtsd meg a strat\u00e9gi\u00e1t \u00e9s a sz\u00f3rakoz\u00e1st egyben!<\/div>\n<div class=\"smania_landing_description_subtitle\">Fedezd fel a strat\u00e9giai j\u00e1t\u00e9k izgalm\u00e1t a MagneMine\u2122-nal! Ez a leny\u0171g\u00f6z\u0151 j\u00e1t\u00e9k v\u00e9gtelen sz\u00f3rakoz\u00e1st k\u00edn\u00e1l, ak\u00e1r egym\u00e1s ellen versenyeztek, ak\u00e1r t\u00f6bbj\u00e1t\u00e9kos m\u00e9rk\u0151z\u00e9st j\u00e1tszotok. Hordozhat\u00f3 \u00e9s k\u00f6nnyen tanulhat\u00f3, tedd k\u00fcl\u00f6nlegess\u00e9 minden \u00f6sszej\u00f6vetelt!<\/div>\n<div class=\"smania_landing_description_list\">\n<ul>\n<li>Ide\u00e1lis gyermekek \u00e9s feln\u0151ttek sz\u00e1m\u00e1ra egyar\u00e1nt<\/li>\n<li>Egyszer\u0171 szab\u00e1lyok a gyors tanul\u00e1shoz<\/li>\n<li>Fejleszti a strat\u00e9giai gondolkod\u00e1st \u00e9s sz\u00f3rakoz\u00e1st<\/li>\n<li>T\u00f6k\u00e9letes kempingez\u00e9shez \u00e9s utaz\u00e1shoz<\/li>\n<li>\u00d6szt\u00f6nzi a sz\u00f3rakoztat\u00f3 t\u00e1rsas interakci\u00f3t<\/li>\n<li>Maxim\u00e1lisan 4 j\u00e1t\u00e9kos sz\u00e1m\u00e1ra<\/li>\n<\/ul><\/div>\n","protected":false},"excerpt":{"rendered":"<p>K\u00f6nnyen tanulhat\u00f3 \u00e9s j\u00e1tszhat\u00f3, ak\u00e1r gyerekek sz\u00e1m\u00e1ra is|Gyors \u00f6ssze\u00e1ll\u00edt\u00e1s az azonnali j\u00e1t\u00e9khoz|Laza hangulatot teremt, ide\u00e1lis t\u00e1rsasj\u00e1t\u00e9k estekhez|Tart\u00f3s j\u00e1t\u00e9kt\u00e1bla a csomagban|Kompakt \u00e9s hordozhat\u00f3 csomagol\u00e1s hordt\u00e1sk\u00e1val|J\u00e1t\u00e9kosok sz\u00e1ma: 2\u20134|T\u00e1bla m\u00e9retei: 28 x 28 cm|M\u00e1gneses goly\u00f3k sz\u00e1ma: 32|Aj\u00e1nlott \u00e9letkor: 9 \u00e9ves kort\u00f3l|A csomag tartalma: 1x t\u00e1bla, 32x m\u00e1gneses goly\u00f3, 1x t\u00e1rol\u00f3zs\u00e1k<\/p>\n","protected":false},"featured_media":101337,"template":"","meta":[],"product_cat":[17,21],"product_tag":[2025,1535],"acf":[],"_links":{"self":[{"href":"https:\/\/smania.store\/hu\/wp-json\/wp\/v2\/product\/101349"}],"collection":[{"href":"https:\/\/smania.store\/hu\/wp-json\/wp\/v2\/product"}],"about":[{"href":"https:\/\/smania.store\/hu\/wp-json\/wp\/v2\/types\/product"}],"wp:featuredmedia":[{"embeddable":true,"href":"https:\/\/smania.store\/hu\/wp-json\/wp\/v2\/media\/101337"}],"wp:attachment":[{"href":"https:\/\/smania.store\/hu\/wp-json\/wp\/v2\/media?parent=101349"}],"wp:term":[{"taxonomy":"product_cat","embeddable":true,"href":"https:\/\/smania.store\/hu\/wp-json\/wp\/v2\/product_cat?post=101349"},{"taxonomy":"product_tag","embeddable":true,"href":"https:\/\/smania.store\/hu\/wp-json\/wp\/v2\/product_tag?post=101349"}],"curies":[{"name":"wp","href":"https:\/\/api.w.org\/{rel}","templated":true}]}}

MagneMine™ mágneses aknamező társasjáték

<div class="smania_landing_description_title">ÚJ: Izgalmas Többjátékos Sakk Játék</div>
<div class="smania_landing_description_txt">Hódítsd meg a stratégiát és a szórakozást egyben!</div>
<div class="smania_landing_description_subtitle">Fedezd fel a stratégiai játék izgalmát a MagneMine™-nal! Ez a lenyűgöző játék végtelen szórakozást kínál, akár egymás ellen versenyeztek, akár többjátékos mérkőzést játszotok. Hordozható és könnyen tanulható, tedd különlegessé minden összejövetelt!</div>
<div class="smania_landing_description_list">
<ul>
<li>Ideális gyermekek és felnőttek számára egyaránt</li>
<li>Egyszerű szabályok a gyors tanuláshoz</li>
<li>Fejleszti a stratégiai gondolkodást és szórakozást</li>
<li>Tökéletes kempingezéshez és utazáshoz</li>
<li>Ösztönzi a szórakoztató társas interakciót</li>
<li>Maximálisan 4 játékos számára</li>
</ul></div>

<p>Könnyen tanulható és játszható, akár gyerekek számára is|Gyors összeállítás az azonnali játékhoz|Laza hangulatot teremt, ideális társasjáték estekhez|Tartós játéktábla a csomagban|Kompakt és hordozható csomagolás hordtáskával|Játékosok száma: 2–4|Tábla méretei: 28 x 28 cm|Mágneses golyók száma: 32|Ajánlott életkor: 9 éves kortól|A csomag tartalma: 1x tábla, 32x mágneses golyó, 1x tárolózsák</p>
