{"id":93990,"date":"2025-11-11T14:10:15","date_gmt":"2025-11-11T13:10:15","guid":{"rendered":"https:\/\/smania.store\/cz\/vyrobek\/cornerpantry-dvouvrstva-rohova-nadoba-na-chleb\/"},"modified":"2026-04-27T09:45:04","modified_gmt":"2026-04-27T07:45:04","slug":"cornerpantry-dvouvrstva-rohova-nadoba-na-chleb","status":"publish","type":"product","link":"https:\/\/smania.store\/cz\/vyrobek\/cornerpantry-dvouvrstva-rohova-nadoba-na-chleb\/","title":{"rendered":"CornerPantry\u2122 dvouvrstv\u00e1 rohov\u00e1 n\u00e1doba na chl\u00e9b"},"content":{"rendered":"<div class=\"smania_landing_description_title\">NOVINKA: Dvoupatrov\u00fd box na chl\u00e9b CornerPantry\u2122<\/div>\n<div class=\"smania_landing_description_txt\">Sv\u011b\u017eest, kter\u00e1 se hod\u00ed do va\u0161eho kuchy\u0148sk\u00e9ho koutu<\/div>\n<div class=\"smania_landing_description_subtitle\">U\u017e v\u00e1s nebav\u00ed such\u00e9, rozma\u010dkan\u00e9 bochn\u00edky? CornerPantry\u2122 je navr\u017eena tak, aby v\u00e1\u0161 chl\u00e9b vydr\u017eel \u010derstv\u00fd po n\u011bkolik dn\u00ed &#8211; bez pl\u00fdtv\u00e1n\u00ed m\u00edstem na kuchy\u0148sk\u00e9 lince. Jej\u00ed chytr\u00fd rohov\u00fd design, prody\u0161n\u00fd interi\u00e9r a pr\u016fhledn\u00e9 ok\u00e9nko v\u00e1m umo\u017en\u00ed ulo\u017eit v\u00edce bochn\u00edk\u016f a z\u00e1rove\u0148 je ochr\u00e1n\u00ed p\u0159ed vzduchem a nepo\u0159\u00e1dkem.<\/div>\n<div class=\"smania_landing_description_list\">\n<ul>\n<li>Udr\u017e\u00ed chl\u00e9b \u010derstv\u00fd a\u017e 4 dny<\/li>\n<li>Chytr\u00fd rohov\u00fd design \u0161et\u0159\u00ed m\u00edsto na kuchy\u0148sk\u00e9 lince<\/li>\n<li>Do dvouvrstv\u00e9ho \u00falo\u017en\u00e9ho prostoru se vejdou v\u00edce ne\u017e 2 bochn\u00edky chleba<\/li>\n<li>Pr\u016fhledn\u00e9 ok\u00e9nko pro kontrolu obsahu bez nutnosti otev\u00edr\u00e1n\u00ed<\/li>\n<li>Stylov\u00fd, odoln\u00fd povrch, kter\u00fd se hod\u00ed do ka\u017ed\u00e9 kuchyn\u011b<\/li>\n<\/ul><\/div>\n","protected":false},"excerpt":{"rendered":"<p>Horn\u00ed plochu lze vyu\u017e\u00edt pro dal\u0161\u00ed \u00falo\u017en\u00fd prostor|Zadn\u00ed v\u011btrac\u00ed otvor pro spr\u00e1vn\u00e9 proud\u011bn\u00ed vzduchu|Vhodn\u00e9 pro v\u0161echny druhy pe\u010diva|Sou\u010d\u00e1st\u00ed je n\u00e1\u0159ad\u00ed pro snadnou mont\u00e1\u017e|Rozm\u011bry: rozm\u011bry: 32 \u00d7 34 \u00d7 34 cm|Materi\u00e1l: d\u0159evo paulovnie + plexisklo|Barva: matn\u00e1 \u010dern\u00e1|Kapacita: 2 velk\u00e9 chleby<\/p>\n","protected":false},"featured_media":93979,"template":"","meta":[],"product_cat":[16,223],"product_tag":[1496],"acf":[],"_links":{"self":[{"href":"https:\/\/smania.store\/cz\/wp-json\/wp\/v2\/product\/93990"}],"collection":[{"href":"https:\/\/smania.store\/cz\/wp-json\/wp\/v2\/product"}],"about":[{"href":"https:\/\/smania.store\/cz\/wp-json\/wp\/v2\/types\/product"}],"wp:featuredmedia":[{"embeddable":true,"href":"https:\/\/smania.store\/cz\/wp-json\/wp\/v2\/media\/93979"}],"wp:attachment":[{"href":"https:\/\/smania.store\/cz\/wp-json\/wp\/v2\/media?parent=93990"}],"wp:term":[{"taxonomy":"product_cat","embeddable":true,"href":"https:\/\/smania.store\/cz\/wp-json\/wp\/v2\/product_cat?post=93990"},{"taxonomy":"product_tag","embeddable":true,"href":"https:\/\/smania.store\/cz\/wp-json\/wp\/v2\/product_tag?post=93990"}],"curies":[{"name":"wp","href":"https:\/\/api.w.org\/{rel}","templated":true}]}}

CornerPantry™ dvouvrstvá rohová nádoba na chléb

<div class="smania_landing_description_title">NOVINKA: Dvoupatrový box na chléb CornerPantry™</div>
<div class="smania_landing_description_txt">Svěžest, která se hodí do vašeho kuchyňského koutu</div>
<div class="smania_landing_description_subtitle">Už vás nebaví suché, rozmačkané bochníky? CornerPantry™ je navržena tak, aby váš chléb vydržel čerstvý po několik dní &#8211; bez plýtvání místem na kuchyňské lince. Její chytrý rohový design, prodyšný interiér a průhledné okénko vám umožní uložit více bochníků a zároveň je ochrání před vzduchem a nepořádkem.</div>
<div class="smania_landing_description_list">
<ul>
<li>Udrží chléb čerstvý až 4 dny</li>
<li>Chytrý rohový design šetří místo na kuchyňské lince</li>
<li>Do dvouvrstvého úložného prostoru se vejdou více než 2 bochníky chleba</li>
<li>Průhledné okénko pro kontrolu obsahu bez nutnosti otevírání</li>
<li>Stylový, odolný povrch, který se hodí do každé kuchyně</li>
</ul></div>

<p>Horní plochu lze využít pro další úložný prostor|Zadní větrací otvor pro správné proudění vzduchu|Vhodné pro všechny druhy pečiva|Součástí je nářadí pro snadnou montáž|Rozměry: rozměry: 32 × 34 × 34 cm|Materiál: dřevo paulovnie + plexisklo|Barva: matná černá|Kapacita: 2 velké chleby</p>
