{"id":92908,"date":"2025-10-01T15:01:29","date_gmt":"2025-10-01T13:01:29","guid":{"rendered":"https:\/\/smania.store\/cz\/vyrobek\/pattyslumber-uklidnujici-plysova-hracka-pro-miminka\/"},"modified":"2026-09-01T10:02:08","modified_gmt":"2026-09-01T08:02:08","slug":"pattyslumber-uklidnujici-plysova-hracka-pro-miminka","status":"publish","type":"product","link":"https:\/\/smania.store\/cz\/vyrobek\/pattyslumber-uklidnujici-plysova-hracka-pro-miminka\/","title":{"rendered":"PattySlumber\u2122 Uklid\u0148uj\u00edc\u00ed ply\u0161ov\u00e1 hra\u010dka pro miminka"},"content":{"rendered":"<div class=\"smania_landing_description_title\">NOVINKA: Klidn\u00fd sp\u00e1nek pro va\u0161e d\u00edt\u011b<\/div>\n<div class=\"smania_landing_description_txt\">Uklid\u0148uj\u00edc\u00ed dotek, kter\u00fd se nikdy neomrz\u00ed<\/div>\n<div class=\"smania_landing_description_subtitle\"> Tento ply\u0161ov\u00fd medv\u00eddek s m\u011bkk\u00fdm rytmick\u00fdm pohybem uklid\u0148uje va\u0161e d\u011b\u0165\u00e1tko jako va\u0161e vlastn\u00ed ruka &#8211; tak\u017ee si oba m\u016f\u017eete v klidu odpo\u010dinout<\/div>\n<div class=\"smania_landing_description_list\">\n<ul>\n<li>Napodobuje jemn\u00fd dotek rodi\u010de, kter\u00fd uklid\u0148uje a ut\u011b\u0161uje<\/li>\n<li>Nastaviteln\u00e9 popl\u00e1c\u00e1v\u00e1n\u00ed se t\u0159emi uklid\u0148uj\u00edc\u00edmi \u00farovn\u011bmi rychlosti<\/li>\n<li>D\u00e1lkov\u00e9 ovl\u00e1d\u00e1n\u00ed pro snadn\u00e9 pou\u017eit\u00ed na d\u00e1lku<\/li>\n<li>Pom\u00e1h\u00e1 zm\u00edrnit separa\u010dn\u00ed \u00fazkost b\u011bhem odpo\u010dinku nebo sp\u00e1nku<\/li>\n<li>M\u011bkk\u00e9 materi\u00e1ly bezpe\u010dn\u00e9 pro d\u011bti pro bezstarostn\u00e9 tulen\u00ed<\/li>\n<\/ul><\/div>\n","protected":false},"excerpt":{"rendered":"<p>Jemn\u011b pohlad\u00ed va\u0161e d\u00edt\u011b, aby usnulo|Sni\u017euje nervozitu a no\u010dn\u00ed pl\u00e1\u010d|Nastaviteln\u00e9 popl\u00e1c\u00e1v\u00e1n\u00ed se 3 \u00farovn\u011bmi rychlosti|Nahrazuje p\u0159\u00edtomnost maminky|Ide\u00e1ln\u00ed do post\u00fdlky, postele nebo ko\u010d\u00e1rku|P\u0159enosn\u00e9 pro rodinn\u00e9 cesty|Balen\u00ed obsahuje: bezdr\u00e1tov\u00e9 d\u00e1lkov\u00e9 ovl\u00e1d\u00e1n\u00ed|Materi\u00e1ly: polyesterov\u00e9 vl\u00e1kno a perle\u0165ov\u00e1 bavln\u011bn\u00e1 v\u00fdpl\u0148|B\u00e9\u017eov\u00e1 barva v rozko\u0161n\u00e9m designu medv\u00eddka|Rozm\u011bry: 68 \u00d7 25 cm<\/p>\n","protected":false},"featured_media":92898,"template":"","meta":[],"product_cat":[17],"product_tag":[1634],"acf":[],"_links":{"self":[{"href":"https:\/\/smania.store\/cz\/wp-json\/wp\/v2\/product\/92908"}],"collection":[{"href":"https:\/\/smania.store\/cz\/wp-json\/wp\/v2\/product"}],"about":[{"href":"https:\/\/smania.store\/cz\/wp-json\/wp\/v2\/types\/product"}],"wp:featuredmedia":[{"embeddable":true,"href":"https:\/\/smania.store\/cz\/wp-json\/wp\/v2\/media\/92898"}],"wp:attachment":[{"href":"https:\/\/smania.store\/cz\/wp-json\/wp\/v2\/media?parent=92908"}],"wp:term":[{"taxonomy":"product_cat","embeddable":true,"href":"https:\/\/smania.store\/cz\/wp-json\/wp\/v2\/product_cat?post=92908"},{"taxonomy":"product_tag","embeddable":true,"href":"https:\/\/smania.store\/cz\/wp-json\/wp\/v2\/product_tag?post=92908"}],"curies":[{"name":"wp","href":"https:\/\/api.w.org\/{rel}","templated":true}]}}

PattySlumber™ Uklidňující plyšová hračka pro miminka

<div class="smania_landing_description_title">NOVINKA: Klidný spánek pro vaše dítě</div>
<div class="smania_landing_description_txt">Uklidňující dotek, který se nikdy neomrzí</div>
<div class="smania_landing_description_subtitle"> Tento plyšový medvídek s měkkým rytmickým pohybem uklidňuje vaše děťátko jako vaše vlastní ruka &#8211; takže si oba můžete v klidu odpočinout</div>
<div class="smania_landing_description_list">
<ul>
<li>Napodobuje jemný dotek rodiče, který uklidňuje a utěšuje</li>
<li>Nastavitelné poplácávání se třemi uklidňujícími úrovněmi rychlosti</li>
<li>Dálkové ovládání pro snadné použití na dálku</li>
<li>Pomáhá zmírnit separační úzkost během odpočinku nebo spánku</li>
<li>Měkké materiály bezpečné pro děti pro bezstarostné tulení</li>
</ul></div>

<p>Jemně pohladí vaše dítě, aby usnulo|Snižuje nervozitu a noční pláč|Nastavitelné poplácávání se 3 úrovněmi rychlosti|Nahrazuje přítomnost maminky|Ideální do postýlky, postele nebo kočárku|Přenosné pro rodinné cesty|Balení obsahuje: bezdrátové dálkové ovládání|Materiály: polyesterové vlákno a perleťová bavlněná výplň|Béžová barva v rozkošném designu medvídka|Rozměry: 68 × 25 cm</p>
